{"id":7337,"date":"2024-04-10T14:01:40","date_gmt":"2024-04-10T18:01:40","guid":{"rendered":"https:\/\/artejoven.org\/?page_id=7337"},"modified":"2024-04-17T11:15:37","modified_gmt":"2024-04-17T15:15:37","slug":"jazz-fur-jugendliche","status":"publish","type":"page","link":"https:\/\/artejoven.org\/de\/beneficiarios\/jazz-for-youth\/","title":{"rendered":"Jazz f\u00fcr Jugendliche"},"content":{"rendered":"","protected":false},"excerpt":{"rendered":"<p>Inspiriert von den Anf\u00e4ngen der Band in den Jam-Session-R\u00e4umen der Universit\u00e4t der K\u00fcnste.<\/p>","protected":false},"author":1,"featured_media":7339,"parent":931,"menu_order":0,"comment_status":"closed","ping_status":"closed","template":"","meta":{"_acf_changed":false,"footnotes":"","_links_to":"","_links_to_target":""},"categories":[13,31],"tags":[63],"class_list":["post-7337","page","type-page","status-publish","has-post-thumbnail","hentry","category-beneficiarios","category-musica-beneficiarios","tag-63","post","post-with-thumbnail","post-with-thumbnail-large"],"acf":[],"aioseo_notices":[],"jetpack-related-posts":[{"id":7432,"url":"https:\/\/artejoven.org\/de\/beneficiarios\/samdor-ramirez\/","url_meta":{"origin":7337,"position":0},"title":"Samdor Ramirez","author":"Ren\u00e9 Manuel Puig","date":"23 de Mai de 2024","format":false,"excerpt":"Samdor Ram\u00edrez (Cienfuegos, 2000) schloss 2024 sein Studium an der Universit\u00e4t der K\u00fcnste (ISA) mit einem Diplom in Fl\u00f6te ab.","rel":"","context":"In &quot;Beneficiarios&quot;","block_context":{"text":"Beneficiarios","link":"https:\/\/artejoven.org\/de\/category\/beneficiarios\/"},"img":{"alt_text":"Samdor Ram\u00edrez","src":"https:\/\/i0.wp.com\/artejoven.org\/wp-content\/uploads\/2024\/05\/Samdor-Ramirez.jpg?resize=350%2C200&ssl=1","width":350,"height":200},"classes":[]},{"id":6493,"url":"https:\/\/artejoven.org\/de\/beneficiarios\/darlin-johancy-michel\/","url_meta":{"origin":7337,"position":1},"title":"Darlin Johancy Michel","author":"Ren\u00e9 Manuel Puig","date":"5 de Dezember de 2023","format":false,"excerpt":"Haitianischer Musiker. Seine Leidenschaft f\u00fcr diese Kunst veranlasste ihn, an der ENARTS (Ecole Nationale des Arts) Jazz-Harmonieunterricht bei Turgot Th\u00e9odat zu nehmen.","rel":"","context":"In &quot;Beneficiarios&quot;","block_context":{"text":"Beneficiarios","link":"https:\/\/artejoven.org\/de\/category\/beneficiarios\/"},"img":{"alt_text":"Darlin Johancy Michel","src":"https:\/\/i0.wp.com\/artejoven.org\/wp-content\/uploads\/2023\/12\/Darlin-jpg.webp?resize=350%2C200&ssl=1","width":350,"height":200,"srcset":"https:\/\/i0.wp.com\/artejoven.org\/wp-content\/uploads\/2023\/12\/Darlin-jpg.webp?resize=350%2C200&ssl=1 1x, https:\/\/i0.wp.com\/artejoven.org\/wp-content\/uploads\/2023\/12\/Darlin-jpg.webp?resize=525%2C300&ssl=1 1.5x"},"classes":[]},{"id":8925,"url":"https:\/\/artejoven.org\/de\/beneficiarios\/jazz-emprende\/","url_meta":{"origin":7337,"position":2},"title":"Jazz Emprende","author":"Ren\u00e9 Manuel Puig","date":"24 de Februar de 2025","format":false,"excerpt":"Erste Veranstaltung des lokalen Entwicklungsprojekts Emprendo y Existo, das zur F\u00f6rderung der Kreativit\u00e4t in der Kreativwirtschaft beitr\u00e4gt und die Ziele von Musikern und Unternehmern integriert.","rel":"","context":"In &quot;Beneficiarios&quot;","block_context":{"text":"Beneficiarios","link":"https:\/\/artejoven.org\/de\/category\/beneficiarios\/"},"img":{"alt_text":"Jazz Emprende","src":"https:\/\/i0.wp.com\/artejoven.org\/wp-content\/uploads\/2025\/02\/Jazz-Emprende.webp?resize=350%2C200&ssl=1","width":350,"height":200,"srcset":"https:\/\/i0.wp.com\/artejoven.org\/wp-content\/uploads\/2025\/02\/Jazz-Emprende.webp?resize=350%2C200&ssl=1 1x, https:\/\/i0.wp.com\/artejoven.org\/wp-content\/uploads\/2025\/02\/Jazz-Emprende.webp?resize=525%2C300&ssl=1 1.5x"},"classes":[]},{"id":7436,"url":"https:\/\/artejoven.org\/de\/beneficiarios\/ernesto-oliva\/","url_meta":{"origin":7337,"position":3},"title":"Ernesto Oliva","author":"Ren\u00e9 Manuel Puig","date":"23 de Mai de 2024","format":false,"excerpt":"Ernesto Oliva (Guant\u00e1namo, 1988), Pianist und Komponist, machte 2015 seinen Abschluss an der Universit\u00e4t der K\u00fcnste (ISA) im Fach Komposition.","rel":"","context":"In &quot;Beneficiarios&quot;","block_context":{"text":"Beneficiarios","link":"https:\/\/artejoven.org\/de\/category\/beneficiarios\/"},"img":{"alt_text":"Ernesto Oliva","src":"https:\/\/i0.wp.com\/artejoven.org\/wp-content\/uploads\/2024\/05\/Ernesto-Oliva.jpg?resize=350%2C200&ssl=1","width":350,"height":200},"classes":[]},{"id":10525,"url":"https:\/\/artejoven.org\/de\/espacios-faj\/patio-abierto\/","url_meta":{"origin":7337,"position":4},"title":"Offener Innenhof","author":"Ren\u00e9 Manuel Puig","date":"28 de Februar de 2026","format":false,"excerpt":"Die Jam Session des Young Art Fund, bei der aufstrebende und etablierte Musiker zusammenkommen, um Sichtbarkeit, Vernetzung und berufliche M\u00f6glichkeiten zu schaffen, Kooperationsma\u00dfnahmen durchzuf\u00fchren und soziale Akteure zu mobilisieren, damit der aufstrebende Kultursektor gest\u00e4rkt wird.","rel":"","context":"In \"Espacios FAJ\"","block_context":{"text":"Espacios FAJ","link":"https:\/\/artejoven.org\/de\/tag\/espacios-faj\/"},"img":{"alt_text":"","src":"https:\/\/i0.wp.com\/artejoven.org\/wp-content\/uploads\/2026\/04\/FAJ_Cesar_Jazz_Club_CG-61.webp?resize=350%2C200&ssl=1","width":350,"height":200,"srcset":"https:\/\/i0.wp.com\/artejoven.org\/wp-content\/uploads\/2026\/04\/FAJ_Cesar_Jazz_Club_CG-61.webp?resize=350%2C200&ssl=1 1x, https:\/\/i0.wp.com\/artejoven.org\/wp-content\/uploads\/2026\/04\/FAJ_Cesar_Jazz_Club_CG-61.webp?resize=525%2C300&ssl=1 1.5x, https:\/\/i0.wp.com\/artejoven.org\/wp-content\/uploads\/2026\/04\/FAJ_Cesar_Jazz_Club_CG-61.webp?resize=700%2C400&ssl=1 2x, https:\/\/i0.wp.com\/artejoven.org\/wp-content\/uploads\/2026\/04\/FAJ_Cesar_Jazz_Club_CG-61.webp?resize=1050%2C600&ssl=1 3x, https:\/\/i0.wp.com\/artejoven.org\/wp-content\/uploads\/2026\/04\/FAJ_Cesar_Jazz_Club_CG-61.webp?resize=1400%2C800&ssl=1 4x"},"classes":[]},{"id":7425,"url":"https:\/\/artejoven.org\/de\/beneficiarios\/lianne-vega-serrano\/","url_meta":{"origin":7337,"position":5},"title":"Lianne Vega Serrano","author":"Ren\u00e9 Manuel Puig","date":"23 de Mai de 2024","format":false,"excerpt":"Lianne Vega Serrano (Matanzas, 1988) schloss ihr Musikstudium an der Universidad de las Artes de Cuba (ISA) mit einem Golddiplom ab und spezialisierte sich auf Klavier.","rel":"","context":"In &quot;Beneficiarios&quot;","block_context":{"text":"Beneficiarios","link":"https:\/\/artejoven.org\/de\/category\/beneficiarios\/"},"img":{"alt_text":"Lianne Vega","src":"https:\/\/i0.wp.com\/artejoven.org\/wp-content\/uploads\/2024\/05\/Lianne-Vega.jpg?resize=350%2C200&ssl=1","width":350,"height":200},"classes":[]}],"jetpack_sharing_enabled":true,"_links":{"self":[{"href":"https:\/\/artejoven.org\/de\/wp-json\/wp\/v2\/pages\/7337","targetHints":{"allow":["GET"]}}],"collection":[{"href":"https:\/\/artejoven.org\/de\/wp-json\/wp\/v2\/pages"}],"about":[{"href":"https:\/\/artejoven.org\/de\/wp-json\/wp\/v2\/types\/page"}],"author":[{"embeddable":true,"href":"https:\/\/artejoven.org\/de\/wp-json\/wp\/v2\/users\/1"}],"replies":[{"embeddable":true,"href":"https:\/\/artejoven.org\/de\/wp-json\/wp\/v2\/comments?post=7337"}],"version-history":[{"count":0,"href":"https:\/\/artejoven.org\/de\/wp-json\/wp\/v2\/pages\/7337\/revisions"}],"up":[{"embeddable":true,"href":"https:\/\/artejoven.org\/de\/wp-json\/wp\/v2\/pages\/931"}],"wp:featuredmedia":[{"embeddable":true,"href":"https:\/\/artejoven.org\/de\/wp-json\/wp\/v2\/media\/7339"}],"wp:attachment":[{"href":"https:\/\/artejoven.org\/de\/wp-json\/wp\/v2\/media?parent=7337"}],"wp:term":[{"taxonomy":"category","embeddable":true,"href":"https:\/\/artejoven.org\/de\/wp-json\/wp\/v2\/categories?post=7337"},{"taxonomy":"post_tag","embeddable":true,"href":"https:\/\/artejoven.org\/de\/wp-json\/wp\/v2\/tags?post=7337"}],"curies":[{"name":"wp","href":"https:\/\/api.w.org\/{rel}","templated":true}]}}

Jazz für Jugendliche

<p>Inspiriert von den Anfängen der Band in den Jam-Session-Räumen der Universität der Künste.</p>

René Manuel Puig

Samdor Ramírez (Cienfuegos, 2000) schloss 2024 sein Studium an der Universität der Künste (ISA) mit einem Diplom in Flöte ab.

Samdor Ramírez

Haitianischer Musiker. Seine Leidenschaft für diese Kunst veranlasste ihn, an der ENARTS (Ecole Nationale des Arts) Jazz-Harmonieunterricht bei Turgot Théodat zu nehmen.

Erste Veranstaltung des lokalen Entwicklungsprojekts Emprendo y Existo, das zur Förderung der Kreativität in der Kreativwirtschaft beiträgt und die Ziele von Musikern und Unternehmern integriert.

Ernesto Oliva (Guantánamo, 1988), Pianist und Komponist, machte 2015 seinen Abschluss an der Universität der Künste (ISA) im Fach Komposition.

Die Jam Session des Young Art Fund, bei der aufstrebende und etablierte Musiker zusammenkommen, um Sichtbarkeit, Vernetzung und berufliche Möglichkeiten zu schaffen, Kooperationsmaßnahmen durchzuführen und soziale Akteure zu mobilisieren, damit der aufstrebende Kultursektor gestärkt wird.
