{"id":7686,"date":"2024-07-12T17:14:33","date_gmt":"2024-07-12T21:14:33","guid":{"rendered":"https:\/\/artejoven.org\/?page_id=7686"},"modified":"2024-07-12T17:16:16","modified_gmt":"2024-07-12T21:16:16","slug":"quinteto-espirales-kuba","status":"publish","type":"page","link":"https:\/\/artejoven.org\/de\/beneficiarios\/quinteto-espirales-cuba\/","title":{"rendered":"Quintett Espirales"},"content":{"rendered":"","protected":false},"excerpt":{"rendered":"<p>Das Projekt Espirales wurde 2023 von dem jungen Pianisten Rodrigo Garc\u00eda gegr\u00fcndet und umfasst auch die Geigerin Tania Haase, die Kontrabassistin Olivia Rodr\u00edguez und die Schlagzeuger Alejandro Aguiar und Jes\u00fas Estrada. <\/p>","protected":false},"author":1,"featured_media":7687,"parent":931,"menu_order":0,"comment_status":"closed","ping_status":"closed","template":"","meta":{"_acf_changed":false,"footnotes":"","_links_to":"","_links_to_target":""},"categories":[13,31],"tags":[63],"class_list":["post-7686","page","type-page","status-publish","has-post-thumbnail","hentry","category-beneficiarios","category-musica-beneficiarios","tag-63","post","post-with-thumbnail","post-with-thumbnail-large"],"acf":[],"aioseo_notices":[],"jetpack-related-posts":[],"jetpack_sharing_enabled":true,"_links":{"self":[{"href":"https:\/\/artejoven.org\/de\/wp-json\/wp\/v2\/pages\/7686","targetHints":{"allow":["GET"]}}],"collection":[{"href":"https:\/\/artejoven.org\/de\/wp-json\/wp\/v2\/pages"}],"about":[{"href":"https:\/\/artejoven.org\/de\/wp-json\/wp\/v2\/types\/page"}],"author":[{"embeddable":true,"href":"https:\/\/artejoven.org\/de\/wp-json\/wp\/v2\/users\/1"}],"replies":[{"embeddable":true,"href":"https:\/\/artejoven.org\/de\/wp-json\/wp\/v2\/comments?post=7686"}],"version-history":[{"count":0,"href":"https:\/\/artejoven.org\/de\/wp-json\/wp\/v2\/pages\/7686\/revisions"}],"up":[{"embeddable":true,"href":"https:\/\/artejoven.org\/de\/wp-json\/wp\/v2\/pages\/931"}],"wp:featuredmedia":[{"embeddable":true,"href":"https:\/\/artejoven.org\/de\/wp-json\/wp\/v2\/media\/7687"}],"wp:attachment":[{"href":"https:\/\/artejoven.org\/de\/wp-json\/wp\/v2\/media?parent=7686"}],"wp:term":[{"taxonomy":"category","embeddable":true,"href":"https:\/\/artejoven.org\/de\/wp-json\/wp\/v2\/categories?post=7686"},{"taxonomy":"post_tag","embeddable":true,"href":"https:\/\/artejoven.org\/de\/wp-json\/wp\/v2\/tags?post=7686"}],"curies":[{"name":"wp","href":"https:\/\/api.w.org\/{rel}","templated":true}]}}

<p>Das Projekt Espirales wurde 2023 von dem jungen Pianisten Rodrigo García gegründet und umfasst auch die Geigerin Tania Haase, die Kontrabassistin Olivia Rodríguez und die Schlagzeuger Alejandro Aguiar und Jesús Estrada. </p>
