{"id":10567,"date":"2026-03-06T20:45:25","date_gmt":"2026-03-07T01:45:25","guid":{"rendered":"https:\/\/artejoven.org\/?page_id=10567"},"modified":"2026-03-06T20:45:29","modified_gmt":"2026-03-07T01:45:29","slug":"felix-de-jesus-matos-martinez","status":"publish","type":"page","link":"https:\/\/artejoven.org\/fr\/beneficiarios\/felix-de-jesus-matos-martinez\/","title":{"rendered":"F\u00e9lix de Jes\u00fas Matos Mart\u00ednez"},"content":{"rendered":"","protected":false},"excerpt":{"rendered":"<p>(Granma, 2010)<br \/>\nJeune cr\u00e9ateur autodidacte sur des instruments tels que la batterie, la guitare et le piano, il a un catalogue d'une trentaine de compositions. <\/p>","protected":false},"author":1,"featured_media":10568,"parent":931,"menu_order":0,"comment_status":"closed","ping_status":"closed","template":"","meta":{"_acf_changed":false,"footnotes":"","_links_to":"","_links_to_target":""},"categories":[13,66],"tags":[84],"class_list":["post-10567","page","type-page","status-publish","has-post-thumbnail","hentry","category-beneficiarios","category-concurso-nacional-de-musica","tag-84","post","post-with-thumbnail","post-with-thumbnail-large"],"acf":[],"aioseo_notices":[],"jetpack-related-posts":[],"jetpack_sharing_enabled":true,"_links":{"self":[{"href":"https:\/\/artejoven.org\/fr\/wp-json\/wp\/v2\/pages\/10567","targetHints":{"allow":["GET"]}}],"collection":[{"href":"https:\/\/artejoven.org\/fr\/wp-json\/wp\/v2\/pages"}],"about":[{"href":"https:\/\/artejoven.org\/fr\/wp-json\/wp\/v2\/types\/page"}],"author":[{"embeddable":true,"href":"https:\/\/artejoven.org\/fr\/wp-json\/wp\/v2\/users\/1"}],"replies":[{"embeddable":true,"href":"https:\/\/artejoven.org\/fr\/wp-json\/wp\/v2\/comments?post=10567"}],"version-history":[{"count":1,"href":"https:\/\/artejoven.org\/fr\/wp-json\/wp\/v2\/pages\/10567\/revisions"}],"predecessor-version":[{"id":10569,"href":"https:\/\/artejoven.org\/fr\/wp-json\/wp\/v2\/pages\/10567\/revisions\/10569"}],"up":[{"embeddable":true,"href":"https:\/\/artejoven.org\/fr\/wp-json\/wp\/v2\/pages\/931"}],"wp:featuredmedia":[{"embeddable":true,"href":"https:\/\/artejoven.org\/fr\/wp-json\/wp\/v2\/media\/10568"}],"wp:attachment":[{"href":"https:\/\/artejoven.org\/fr\/wp-json\/wp\/v2\/media?parent=10567"}],"wp:term":[{"taxonomy":"category","embeddable":true,"href":"https:\/\/artejoven.org\/fr\/wp-json\/wp\/v2\/categories?post=10567"},{"taxonomy":"post_tag","embeddable":true,"href":"https:\/\/artejoven.org\/fr\/wp-json\/wp\/v2\/tags?post=10567"}],"curies":[{"name":"wp","href":"https:\/\/api.w.org\/{rel}","templated":true}]}}

Félix de Jesús Matos Martínez

<p>(Granma, 2010)<br />
Jeune créateur autodidacte sur des instruments tels que la batterie, la guitare et le piano, il a un catalogue d'une trentaine de compositions. </p>
