{"id":10575,"date":"2026-03-06T20:54:29","date_gmt":"2026-03-07T01:54:29","guid":{"rendered":"https:\/\/artejoven.org\/?page_id=10575"},"modified":"2026-03-06T20:54:32","modified_gmt":"2026-03-07T01:54:32","slug":"maria-karla-rifat-rodriguez","status":"publish","type":"page","link":"https:\/\/artejoven.org\/fr\/beneficiarios\/maria-karla-rifat-rodriguez\/","title":{"rendered":"Mar\u00eda Karla Rifat Rodr\u00edguez"},"content":{"rendered":"","protected":false},"excerpt":{"rendered":"<p>(Cienfuegos, 2007)<br \/>\nVioloncelliste dipl\u00f4m\u00e9e de l'Escuela Profesional de Arte de Matanzas et \u00e9l\u00e8ve de l'Universidad de las Artes de Cuba (ISA). <\/p>","protected":false},"author":1,"featured_media":10576,"parent":931,"menu_order":0,"comment_status":"closed","ping_status":"closed","template":"","meta":{"_acf_changed":false,"footnotes":"","_links_to":"","_links_to_target":""},"categories":[13,66],"tags":[84],"class_list":["post-10575","page","type-page","status-publish","has-post-thumbnail","hentry","category-beneficiarios","category-concurso-nacional-de-musica","tag-84","post","post-with-thumbnail","post-with-thumbnail-large"],"acf":[],"aioseo_notices":[],"jetpack-related-posts":[],"jetpack_sharing_enabled":true,"_links":{"self":[{"href":"https:\/\/artejoven.org\/fr\/wp-json\/wp\/v2\/pages\/10575","targetHints":{"allow":["GET"]}}],"collection":[{"href":"https:\/\/artejoven.org\/fr\/wp-json\/wp\/v2\/pages"}],"about":[{"href":"https:\/\/artejoven.org\/fr\/wp-json\/wp\/v2\/types\/page"}],"author":[{"embeddable":true,"href":"https:\/\/artejoven.org\/fr\/wp-json\/wp\/v2\/users\/1"}],"replies":[{"embeddable":true,"href":"https:\/\/artejoven.org\/fr\/wp-json\/wp\/v2\/comments?post=10575"}],"version-history":[{"count":1,"href":"https:\/\/artejoven.org\/fr\/wp-json\/wp\/v2\/pages\/10575\/revisions"}],"predecessor-version":[{"id":10577,"href":"https:\/\/artejoven.org\/fr\/wp-json\/wp\/v2\/pages\/10575\/revisions\/10577"}],"up":[{"embeddable":true,"href":"https:\/\/artejoven.org\/fr\/wp-json\/wp\/v2\/pages\/931"}],"wp:featuredmedia":[{"embeddable":true,"href":"https:\/\/artejoven.org\/fr\/wp-json\/wp\/v2\/media\/10576"}],"wp:attachment":[{"href":"https:\/\/artejoven.org\/fr\/wp-json\/wp\/v2\/media?parent=10575"}],"wp:term":[{"taxonomy":"category","embeddable":true,"href":"https:\/\/artejoven.org\/fr\/wp-json\/wp\/v2\/categories?post=10575"},{"taxonomy":"post_tag","embeddable":true,"href":"https:\/\/artejoven.org\/fr\/wp-json\/wp\/v2\/tags?post=10575"}],"curies":[{"name":"wp","href":"https:\/\/api.w.org\/{rel}","templated":true}]}}

María Karla Rifat Rodríguez

<p>(Cienfuegos, 2007)<br />
Violoncelliste diplômée de l'Escuela Profesional de Arte de Matanzas et élève de l'Universidad de las Artes de Cuba (ISA). </p>
