{"id":10648,"date":"2026-03-31T08:35:32","date_gmt":"2026-03-31T12:35:32","guid":{"rendered":"https:\/\/artejoven.org\/?page_id=10648"},"modified":"2026-03-31T08:35:35","modified_gmt":"2026-03-31T12:35:35","slug":"dario-cuba-hernandez","status":"publish","type":"page","link":"https:\/\/artejoven.org\/fr\/beneficiarios\/dario-cuba-hernandez\/","title":{"rendered":"Dar\u00edo Cuba Hern\u00e1ndez"},"content":{"rendered":"","protected":false},"excerpt":{"rendered":"<p>(Sancti Sp\u00edritus, 2008) Fl\u00fbtiste form\u00e9e dans des institutions de Sancti Sp\u00edritus et de La Havane, actuellement \u00e9tudiante \u00e0 l'\u00c9cole nationale d'art de Cuba (ENA). <\/p>","protected":false},"author":1,"featured_media":10649,"parent":931,"menu_order":0,"comment_status":"closed","ping_status":"closed","template":"","meta":{"_acf_changed":false,"footnotes":"","_links_to":"","_links_to_target":""},"categories":[13,66],"tags":[84],"class_list":["post-10648","page","type-page","status-publish","has-post-thumbnail","hentry","category-beneficiarios","category-concurso-nacional-de-musica","tag-84","post","post-with-thumbnail","post-with-thumbnail-large"],"acf":[],"aioseo_notices":[],"jetpack-related-posts":[{"id":8795,"url":"https:\/\/artejoven.org\/fr\/beneficiarios\/belinda-isabel-flores-santos\/","url_meta":{"origin":10648,"position":0},"title":"Belinda Isabel Flores Santos","author":"Ren\u00e9 Manuel Puig","date":"13 de f\u00e9vrier de 2025","format":false,"excerpt":"(Sancti Sp\u00edritus, 2009) \u00e9tudie \u00e0 l'Instituto Preuniversitario Honorato del Castillo Cancio, dans la province de Sancti Sp\u00edritus.","rel":"","context":"Dans &quot;Beneficiarios&quot;","block_context":{"text":"Beneficiarios","link":"https:\/\/artejoven.org\/fr\/category\/beneficiarios\/"},"img":{"alt_text":"Belinda Isabel Flores Santos","src":"https:\/\/i0.wp.com\/artejoven.org\/wp-content\/uploads\/2025\/02\/Belinda-Isabel.webp?resize=350%2C200&ssl=1","width":350,"height":200,"srcset":"https:\/\/i0.wp.com\/artejoven.org\/wp-content\/uploads\/2025\/02\/Belinda-Isabel.webp?resize=350%2C200&ssl=1 1x, https:\/\/i0.wp.com\/artejoven.org\/wp-content\/uploads\/2025\/02\/Belinda-Isabel.webp?resize=525%2C300&ssl=1 1.5x"},"classes":[]},{"id":8837,"url":"https:\/\/artejoven.org\/fr\/beneficiarios\/karla-betancourt\/","url_meta":{"origin":10648,"position":1},"title":"Karla Betancourt","author":"Ren\u00e9 Manuel Puig","date":"20 de f\u00e9vrier de 2025","format":false,"excerpt":"Karla Betancourt (Sancti Sp\u00edritus, 1992) a obtenu un dipl\u00f4me d'or \u00e0 l'Universit\u00e9 des arts (ISA) de Cuba dans le profil Conservation et restauration des biens meubles (2017).","rel":"","context":"Dans &quot;Artes Visuales&quot;","block_context":{"text":"Artes Visuales","link":"https:\/\/artejoven.org\/fr\/category\/beneficiarios\/artes-visuales-beneficiarios\/"},"img":{"alt_text":"Karla Betancourt","src":"https:\/\/i0.wp.com\/artejoven.org\/wp-content\/uploads\/2025\/02\/Karla-Betancourt.webp?resize=350%2C200&ssl=1","width":350,"height":200,"srcset":"https:\/\/i0.wp.com\/artejoven.org\/wp-content\/uploads\/2025\/02\/Karla-Betancourt.webp?resize=350%2C200&ssl=1 1x, https:\/\/i0.wp.com\/artejoven.org\/wp-content\/uploads\/2025\/02\/Karla-Betancourt.webp?resize=525%2C300&ssl=1 1.5x"},"classes":[]},{"id":3038,"url":"https:\/\/artejoven.org\/fr\/beneficiarios\/cafe-estudio-gato-negro\/","url_meta":{"origin":10648,"position":2},"title":"Caf\u00e9 Estudio Gato Negro","author":"Ren\u00e9 Manuel Puig","date":"13 de mai de 2023","format":false,"excerpt":"\u00c0 Sancti Sp\u00edritus depuis 2018. Il s'agit d'un projet artistique et culturel multifonctionnel, pour la r\u00e9alisation de diff\u00e9rentes activit\u00e9s artistiques \u00e0 vocation sociale et communautaire.","rel":"","context":"Dans &quot;Beneficiarios&quot;","block_context":{"text":"Beneficiarios","link":"https:\/\/artejoven.org\/fr\/category\/beneficiarios\/"},"img":{"alt_text":"Gato negro","src":"https:\/\/i0.wp.com\/artejoven.org\/wp-content\/uploads\/2023\/06\/Gato-Negro-jpg.webp?resize=350%2C200&ssl=1","width":350,"height":200},"classes":[]},{"id":7965,"url":"https:\/\/artejoven.org\/fr\/convocatorias\/concurso-nacional-de-musica\/","url_meta":{"origin":10648,"position":3},"title":"Concours national de musique","author":"Ren\u00e9 Manuel Puig","date":"30 de ao\u00fbt de 2024","format":false,"excerpt":"Formulaire d'inscription \u00e0 la premi\u00e8re \u00e9dition du concours national de musique","rel":"","context":"Dans &quot;Convocatorias&quot;","block_context":{"text":"Convocatorias","link":"https:\/\/artejoven.org\/fr\/category\/convocatoria\/"},"img":{"alt_text":"","src":"https:\/\/i0.wp.com\/artejoven.org\/wp-content\/uploads\/2023\/05\/Banner-Web.jpg?resize=350%2C200&ssl=1","width":350,"height":200,"srcset":"https:\/\/i0.wp.com\/artejoven.org\/wp-content\/uploads\/2023\/05\/Banner-Web.jpg?resize=350%2C200&ssl=1 1x, https:\/\/i0.wp.com\/artejoven.org\/wp-content\/uploads\/2023\/05\/Banner-Web.jpg?resize=525%2C300&ssl=1 1.5x, https:\/\/i0.wp.com\/artejoven.org\/wp-content\/uploads\/2023\/05\/Banner-Web.jpg?resize=700%2C400&ssl=1 2x"},"classes":[]},{"id":8767,"url":"https:\/\/artejoven.org\/fr\/espacios-faj\/concurso-nacional-de-musica\/","url_meta":{"origin":10648,"position":4},"title":"Concours national de musique","author":"Ren\u00e9 Manuel Puig","date":"12 de f\u00e9vrier de 2025","format":false,"excerpt":"Parrain\u00e9e par la FAJ et l'UNICEF Cuba, cette initiative s'adresse aux musiciens en formation formelle ou informelle (issus de l'enseignement artistique ou autodidactes), de nationalit\u00e9 cubaine, r\u00e9sidant \u00e0 Cuba, dans le but de promouvoir des processus cr\u00e9atifs qui favorisent la croissance spirituelle, la cr\u00e9ativit\u00e9 et l'expression des adolescents, ainsi que...","rel":"","context":"Dans &quot;Espacios&quot;","block_context":{"text":"Espacios","link":"https:\/\/artejoven.org\/fr\/category\/espacios\/"},"img":{"alt_text":"","src":"https:\/\/i0.wp.com\/artejoven.org\/wp-content\/uploads\/2025\/07\/BANNER_CONCURSO-NACIONAL-DE-MUSICA-2DA-EDICION.webp?resize=350%2C200&ssl=1","width":350,"height":200,"srcset":"https:\/\/i0.wp.com\/artejoven.org\/wp-content\/uploads\/2025\/07\/BANNER_CONCURSO-NACIONAL-DE-MUSICA-2DA-EDICION.webp?resize=350%2C200&ssl=1 1x, https:\/\/i0.wp.com\/artejoven.org\/wp-content\/uploads\/2025\/07\/BANNER_CONCURSO-NACIONAL-DE-MUSICA-2DA-EDICION.webp?resize=525%2C300&ssl=1 1.5x, https:\/\/i0.wp.com\/artejoven.org\/wp-content\/uploads\/2025\/07\/BANNER_CONCURSO-NACIONAL-DE-MUSICA-2DA-EDICION.webp?resize=700%2C400&ssl=1 2x, https:\/\/i0.wp.com\/artejoven.org\/wp-content\/uploads\/2025\/07\/BANNER_CONCURSO-NACIONAL-DE-MUSICA-2DA-EDICION.webp?resize=1050%2C600&ssl=1 3x"},"classes":[]},{"id":8930,"url":"https:\/\/artejoven.org\/fr\/beneficiarios\/cultura-del-vinilo-en-cuba\/","url_meta":{"origin":10648,"position":5},"title":"La culture du vinyle \u00e0 Cuba","author":"Ren\u00e9 Manuel Puig","date":"24 de f\u00e9vrier de 2025","format":false,"excerpt":"Projet con\u00e7u par Gu\u00e1mpara Music pour promouvoir le d\u00e9veloppement de la culture du vinyle en tant que support musical et historiographique pour Cuba.","rel":"","context":"Dans &quot;Beneficiarios&quot;","block_context":{"text":"Beneficiarios","link":"https:\/\/artejoven.org\/fr\/category\/beneficiarios\/"},"img":{"alt_text":"Cultura del vinilo en Cuba","src":"https:\/\/i0.wp.com\/artejoven.org\/wp-content\/uploads\/2025\/02\/Cultura-del-vinilo-en-Cuba.webp?resize=350%2C200&ssl=1","width":350,"height":200,"srcset":"https:\/\/i0.wp.com\/artejoven.org\/wp-content\/uploads\/2025\/02\/Cultura-del-vinilo-en-Cuba.webp?resize=350%2C200&ssl=1 1x, https:\/\/i0.wp.com\/artejoven.org\/wp-content\/uploads\/2025\/02\/Cultura-del-vinilo-en-Cuba.webp?resize=525%2C300&ssl=1 1.5x"},"classes":[]}],"jetpack_sharing_enabled":true,"_links":{"self":[{"href":"https:\/\/artejoven.org\/fr\/wp-json\/wp\/v2\/pages\/10648","targetHints":{"allow":["GET"]}}],"collection":[{"href":"https:\/\/artejoven.org\/fr\/wp-json\/wp\/v2\/pages"}],"about":[{"href":"https:\/\/artejoven.org\/fr\/wp-json\/wp\/v2\/types\/page"}],"author":[{"embeddable":true,"href":"https:\/\/artejoven.org\/fr\/wp-json\/wp\/v2\/users\/1"}],"replies":[{"embeddable":true,"href":"https:\/\/artejoven.org\/fr\/wp-json\/wp\/v2\/comments?post=10648"}],"version-history":[{"count":1,"href":"https:\/\/artejoven.org\/fr\/wp-json\/wp\/v2\/pages\/10648\/revisions"}],"predecessor-version":[{"id":10650,"href":"https:\/\/artejoven.org\/fr\/wp-json\/wp\/v2\/pages\/10648\/revisions\/10650"}],"up":[{"embeddable":true,"href":"https:\/\/artejoven.org\/fr\/wp-json\/wp\/v2\/pages\/931"}],"wp:featuredmedia":[{"embeddable":true,"href":"https:\/\/artejoven.org\/fr\/wp-json\/wp\/v2\/media\/10649"}],"wp:attachment":[{"href":"https:\/\/artejoven.org\/fr\/wp-json\/wp\/v2\/media?parent=10648"}],"wp:term":[{"taxonomy":"category","embeddable":true,"href":"https:\/\/artejoven.org\/fr\/wp-json\/wp\/v2\/categories?post=10648"},{"taxonomy":"post_tag","embeddable":true,"href":"https:\/\/artejoven.org\/fr\/wp-json\/wp\/v2\/tags?post=10648"}],"curies":[{"name":"wp","href":"https:\/\/api.w.org\/{rel}","templated":true}]}}

Darío Cuba Hernández

<p>(Sancti Spíritus, 2008) Flûtiste formée dans des institutions de Sancti Spíritus et de La Havane, actuellement étudiante à l'École nationale d'art de Cuba (ENA). </p>

René Manuel Puig

13 de février de 2025

(Sancti Spíritus, 2009) étudie à l'Instituto Preuniversitario Honorato del Castillo Cancio, dans la province de Sancti Spíritus.

20 de février de 2025

Karla Betancourt (Sancti Spíritus, 1992) a obtenu un diplôme d'or à l'Université des arts (ISA) de Cuba dans le profil Conservation et restauration des biens meubles (2017).

Café Estudio Gato Negro

À Sancti Spíritus depuis 2018. Il s'agit d'un projet artistique et culturel multifonctionnel, pour la réalisation de différentes activités artistiques à vocation sociale et communautaire.

30 de août de 2024

Formulaire d'inscription à la première édition du concours national de musique

12 de février de 2025

Parrainée par la FAJ et l'UNICEF Cuba, cette initiative s'adresse aux musiciens en formation formelle ou informelle (issus de l'enseignement artistique ou autodidactes), de nationalité cubaine, résidant à Cuba, dans le but de promouvoir des processus créatifs qui favorisent la croissance spirituelle, la créativité et l'expression des adolescents, ainsi que...

La culture du vinyle à Cuba

24 de février de 2025

Projet conçu par Guámpara Music pour promouvoir le développement de la culture du vinyle en tant que support musical et historiographique pour Cuba.
