{"id":5643,"date":"2023-09-11T19:54:46","date_gmt":"2023-09-11T23:54:46","guid":{"rendered":"https:\/\/artejoven.org\/?page_id=5643"},"modified":"2023-09-12T17:18:14","modified_gmt":"2023-09-12T21:18:14","slug":"alejandro-coqui-calzadilla","status":"publish","type":"page","link":"https:\/\/artejoven.org\/fr\/beneficiarios\/alejandro-coqui-calzadilla\/","title":{"rendered":"Alejandro (Coqui) Calzadilla"},"content":{"rendered":"","protected":false},"excerpt":{"rendered":"<p>Alejandro (Coqui) Calzadilla (Leningrad, 1988) est clarinettiste, saxophoniste, professeur, arrangeur et compositeur, dipl\u00f4m\u00e9 de l'Universit\u00e9 des arts (ISA) avec un dipl\u00f4me d'or dans la chaire du Maestro Vicente Monterrey (2012).<\/p>","protected":false},"author":1,"featured_media":5645,"parent":931,"menu_order":0,"comment_status":"closed","ping_status":"closed","template":"","meta":{"_acf_changed":false,"footnotes":"","_links_to":"","_links_to_target":""},"categories":[13,31],"tags":[25,58],"class_list":["post-5643","page","type-page","status-publish","has-post-thumbnail","hentry","category-beneficiarios","category-musica-beneficiarios","tag-25","tag-segundo-programa","post","post-with-thumbnail","post-with-thumbnail-large"],"acf":[],"aioseo_notices":[],"jetpack-related-posts":[{"id":931,"url":"https:\/\/artejoven.org\/fr\/beneficiarios\/","url_meta":{"origin":5643,"position":0},"title":"B\u00e9n\u00e9ficiaires","author":"Ren\u00e9 Manuel Puig","date":"17 de avril de 2023","format":false,"excerpt":"Rencontrez les b\u00e9n\u00e9ficiaires. Chaque artiste ou entreprise culturelle que le Fondo de Arte Joven a soutenu.","rel":"","context":"Article similaire","block_context":{"text":"Article similaire","link":""},"img":{"alt_text":"Fondo de Arte Joven","src":"https:\/\/i0.wp.com\/artejoven.org\/wp-content\/uploads\/2023\/06\/Fondo-de-Arte-Joven.jpg?resize=350%2C200&ssl=1","width":350,"height":200,"srcset":"https:\/\/i0.wp.com\/artejoven.org\/wp-content\/uploads\/2023\/06\/Fondo-de-Arte-Joven.jpg?resize=350%2C200&ssl=1 1x, https:\/\/i0.wp.com\/artejoven.org\/wp-content\/uploads\/2023\/06\/Fondo-de-Arte-Joven.jpg?resize=525%2C300&ssl=1 1.5x, https:\/\/i0.wp.com\/artejoven.org\/wp-content\/uploads\/2023\/06\/Fondo-de-Arte-Joven.jpg?resize=700%2C400&ssl=1 2x"},"classes":[]},{"id":8767,"url":"https:\/\/artejoven.org\/fr\/espacios-faj\/concurso-nacional-de-musica\/","url_meta":{"origin":5643,"position":1},"title":"Concours national de musique","author":"Ren\u00e9 Manuel Puig","date":"12 de f\u00e9vrier de 2025","format":false,"excerpt":"Parrain\u00e9e par la FAJ et l'UNICEF Cuba, cette initiative s'adresse aux musiciens en formation formelle ou informelle (issus de l'enseignement artistique ou autodidactes), de nationalit\u00e9 cubaine, r\u00e9sidant \u00e0 Cuba, dans le but de promouvoir des processus cr\u00e9atifs qui favorisent la croissance spirituelle, la cr\u00e9ativit\u00e9 et l'expression des adolescents, ainsi que...","rel":"","context":"Dans &quot;Espacios&quot;","block_context":{"text":"Espacios","link":"https:\/\/artejoven.org\/fr\/category\/espacios\/"},"img":{"alt_text":"","src":"https:\/\/i0.wp.com\/artejoven.org\/wp-content\/uploads\/2025\/07\/BANNER_CONCURSO-NACIONAL-DE-MUSICA-2DA-EDICION.webp?resize=350%2C200&ssl=1","width":350,"height":200,"srcset":"https:\/\/i0.wp.com\/artejoven.org\/wp-content\/uploads\/2025\/07\/BANNER_CONCURSO-NACIONAL-DE-MUSICA-2DA-EDICION.webp?resize=350%2C200&ssl=1 1x, https:\/\/i0.wp.com\/artejoven.org\/wp-content\/uploads\/2025\/07\/BANNER_CONCURSO-NACIONAL-DE-MUSICA-2DA-EDICION.webp?resize=525%2C300&ssl=1 1.5x, https:\/\/i0.wp.com\/artejoven.org\/wp-content\/uploads\/2025\/07\/BANNER_CONCURSO-NACIONAL-DE-MUSICA-2DA-EDICION.webp?resize=700%2C400&ssl=1 2x, https:\/\/i0.wp.com\/artejoven.org\/wp-content\/uploads\/2025\/07\/BANNER_CONCURSO-NACIONAL-DE-MUSICA-2DA-EDICION.webp?resize=1050%2C600&ssl=1 3x"},"classes":[]},{"id":2807,"url":"https:\/\/artejoven.org\/fr\/beneficiarios\/alejandro-mendoza\/","url_meta":{"origin":5643,"position":2},"title":"Alejandro Mendoza","author":"Ren\u00e9 Manuel Puig","date":"11 de mai de 2023","format":false,"excerpt":"Alejandro Mendoza Castro (Artemisa, 2000) est un saxophoniste qui a commenc\u00e9 ses \u00e9tudes en 2010 \u00e0 l'Escuela Vocacional de Arte de la municipalit\u00e9 de Quivican, dans sa province natale.","rel":"","context":"Dans &quot;Beneficiarios&quot;","block_context":{"text":"Beneficiarios","link":"https:\/\/artejoven.org\/fr\/category\/beneficiarios\/"},"img":{"alt_text":"Alejandro Mendoza","src":"https:\/\/i0.wp.com\/artejoven.org\/wp-content\/uploads\/2023\/06\/Alejandro-Mendoza.jpg?resize=350%2C200&ssl=1","width":350,"height":200,"srcset":"https:\/\/i0.wp.com\/artejoven.org\/wp-content\/uploads\/2023\/06\/Alejandro-Mendoza.jpg?resize=350%2C200&ssl=1 1x, https:\/\/i0.wp.com\/artejoven.org\/wp-content\/uploads\/2023\/06\/Alejandro-Mendoza.jpg?resize=525%2C300&ssl=1 1.5x"},"classes":[]},{"id":7732,"url":"#element","url_meta":{"origin":5643,"position":3},"title":"Alejandro G\u00f3mez Cangas","author":"Ren\u00e9 Manuel Puig","date":"15 de juillet de 2024","format":false,"excerpt":"Artiste plasticienne (Villa Clara, Cuba, 1986)","rel":"","context":"Dans &quot;Jurados&quot;","block_context":{"text":"Jurados","link":"https:\/\/artejoven.org\/fr\/category\/jurados\/"},"img":{"alt_text":"","src":"https:\/\/i0.wp.com\/artejoven.org\/wp-content\/uploads\/2024\/07\/Alejandro-Gomez-Cangas-jpg.webp?resize=350%2C200&ssl=1","width":350,"height":200},"classes":[]},{"id":9769,"url":"#","url_meta":{"origin":5643,"position":4},"title":"Alejandro Rojas Blaquier","author":"Ren\u00e9 Manuel Puig","date":"28 de ao\u00fbt de 2025","format":false,"excerpt":"Licence en \u00e9ducation et ma\u00eetrise en d\u00e9veloppement culturel (La Havane, 1960)","rel":"","context":"Dans &quot;Jurados&quot;","block_context":{"text":"Jurados","link":"https:\/\/artejoven.org\/fr\/category\/jurados\/"},"img":{"alt_text":"","src":"https:\/\/i0.wp.com\/artejoven.org\/wp-content\/uploads\/2025\/08\/Alejandro-Rojas-Blaquier.webp?resize=350%2C200&ssl=1","width":350,"height":200},"classes":[]},{"id":8799,"url":"https:\/\/artejoven.org\/fr\/beneficiarios\/alejandro-sanchez-veliz\/","url_meta":{"origin":5643,"position":5},"title":"Alejandro S\u00e1nchez Veliz","author":"Ren\u00e9 Manuel Puig","date":"13 de f\u00e9vrier de 2025","format":false,"excerpt":"(Villa Clara, 2006) \u00c9tudiante en clarinette \u00e0 l'\u00c9cole nationale de musique de La Havane.","rel":"","context":"Dans &quot;Beneficiarios&quot;","block_context":{"text":"Beneficiarios","link":"https:\/\/artejoven.org\/fr\/category\/beneficiarios\/"},"img":{"alt_text":"Alejandro S\u00e1nchez Veliz","src":"https:\/\/i0.wp.com\/artejoven.org\/wp-content\/uploads\/2025\/02\/Alejandro-Sanchez-Veliz.webp?resize=350%2C200&ssl=1","width":350,"height":200,"srcset":"https:\/\/i0.wp.com\/artejoven.org\/wp-content\/uploads\/2025\/02\/Alejandro-Sanchez-Veliz.webp?resize=350%2C200&ssl=1 1x, https:\/\/i0.wp.com\/artejoven.org\/wp-content\/uploads\/2025\/02\/Alejandro-Sanchez-Veliz.webp?resize=525%2C300&ssl=1 1.5x"},"classes":[]}],"jetpack_sharing_enabled":true,"_links":{"self":[{"href":"https:\/\/artejoven.org\/fr\/wp-json\/wp\/v2\/pages\/5643","targetHints":{"allow":["GET"]}}],"collection":[{"href":"https:\/\/artejoven.org\/fr\/wp-json\/wp\/v2\/pages"}],"about":[{"href":"https:\/\/artejoven.org\/fr\/wp-json\/wp\/v2\/types\/page"}],"author":[{"embeddable":true,"href":"https:\/\/artejoven.org\/fr\/wp-json\/wp\/v2\/users\/1"}],"replies":[{"embeddable":true,"href":"https:\/\/artejoven.org\/fr\/wp-json\/wp\/v2\/comments?post=5643"}],"version-history":[{"count":0,"href":"https:\/\/artejoven.org\/fr\/wp-json\/wp\/v2\/pages\/5643\/revisions"}],"up":[{"embeddable":true,"href":"https:\/\/artejoven.org\/fr\/wp-json\/wp\/v2\/pages\/931"}],"wp:featuredmedia":[{"embeddable":true,"href":"https:\/\/artejoven.org\/fr\/wp-json\/wp\/v2\/media\/5645"}],"wp:attachment":[{"href":"https:\/\/artejoven.org\/fr\/wp-json\/wp\/v2\/media?parent=5643"}],"wp:term":[{"taxonomy":"category","embeddable":true,"href":"https:\/\/artejoven.org\/fr\/wp-json\/wp\/v2\/categories?post=5643"},{"taxonomy":"post_tag","embeddable":true,"href":"https:\/\/artejoven.org\/fr\/wp-json\/wp\/v2\/tags?post=5643"}],"curies":[{"name":"wp","href":"https:\/\/api.w.org\/{rel}","templated":true}]}}

<p>Alejandro (Coqui) Calzadilla (Leningrad, 1988) est clarinettiste, saxophoniste, professeur, arrangeur et compositeur, diplômé de l'Université des arts (ISA) avec un diplôme d'or dans la chaire du Maestro Vicente Monterrey (2012).</p>

Bénéficiaires

René Manuel Puig

Rencontrez les bénéficiaires. Chaque artiste ou entreprise culturelle que le Fondo de Arte Joven a soutenu.

12 de février de 2025

Parrainée par la FAJ et l'UNICEF Cuba, cette initiative s'adresse aux musiciens en formation formelle ou informelle (issus de l'enseignement artistique ou autodidactes), de nationalité cubaine, résidant à Cuba, dans le but de promouvoir des processus créatifs qui favorisent la croissance spirituelle, la créativité et l'expression des adolescents, ainsi que...

Alejandro Mendoza Castro (Artemisa, 2000) est un saxophoniste qui a commencé ses études en 2010 à l'Escuela Vocacional de Arte de la municipalité de Quivican, dans sa province natale.

Alejandro Gómez Cangas

28 de août de 2025

Licence en éducation et maîtrise en développement culturel (La Havane, 1960)

Alejandro Sánchez Veliz

13 de février de 2025

(Villa Clara, 2006) Étudiante en clarinette à l'École nationale de musique de La Havane.
