{"id":10564,"date":"2026-03-06T20:42:19","date_gmt":"2026-03-07T01:42:19","guid":{"rendered":"https:\/\/artejoven.org\/?page_id=10564"},"modified":"2026-03-06T20:42:22","modified_gmt":"2026-03-07T01:42:22","slug":"natalia-de-la-caridad-hernandez-delgado","status":"publish","type":"page","link":"https:\/\/artejoven.org\/it\/beneficiarios\/natalia-de-la-caridad-hernandez-delgado\/","title":{"rendered":"Natalia de la Caridad Hern\u00e1ndez Delgado"},"content":{"rendered":"","protected":false},"excerpt":{"rendered":"<p>(Cienfuegos, 2010)<br \/>\nChitarrista formatasi presso la Escuela de Arte Benny Mor\u00e9 di Cienfuegos, dove ha studiato tra il 2020 e il 2025. <\/p>","protected":false},"author":1,"featured_media":10565,"parent":931,"menu_order":0,"comment_status":"closed","ping_status":"closed","template":"","meta":{"_acf_changed":false,"footnotes":"","_links_to":"","_links_to_target":""},"categories":[13,66],"tags":[],"class_list":["post-10564","page","type-page","status-publish","has-post-thumbnail","hentry","category-beneficiarios","category-concurso-nacional-de-musica","post","post-with-thumbnail","post-with-thumbnail-large"],"acf":[],"aioseo_notices":[],"jetpack-related-posts":[{"id":6528,"url":"https:\/\/artejoven.org\/it\/beneficiarios\/daniel-anton\/","url_meta":{"origin":10564,"position":0},"title":"Daniel Ant\u00f3n","author":"Ren\u00e9 Manuel Puig","date":"6 de Dicembre de 2023","format":false,"excerpt":"Daniel Ant\u00f3n (Cienfuegos, 1999). Si \u00e8 diplomato presso la Scuola d'Arte Benny Mor\u00e9 di Cienfuegos (2014-2018). Attualmente frequenta il terzo anno di Arti Visive presso l'Instituto Superior de Artes (ISA).","rel":"","context":"In &quot;Artes Visuales&quot;","block_context":{"text":"Artes Visuales","link":"https:\/\/artejoven.org\/it\/category\/beneficiarios\/artes-visuales-beneficiarios\/"},"img":{"alt_text":"Daniel Ant\u00f3n","src":"https:\/\/i0.wp.com\/artejoven.org\/wp-content\/uploads\/2023\/12\/Daniel-Anton-jpg.webp?resize=350%2C200&ssl=1","width":350,"height":200,"srcset":"https:\/\/i0.wp.com\/artejoven.org\/wp-content\/uploads\/2023\/12\/Daniel-Anton-jpg.webp?resize=350%2C200&ssl=1 1x, https:\/\/i0.wp.com\/artejoven.org\/wp-content\/uploads\/2023\/12\/Daniel-Anton-jpg.webp?resize=525%2C300&ssl=1 1.5x"},"classes":[]},{"id":9913,"url":"https:\/\/www.instagram.com\/evelynnalvarez.art\/","url_meta":{"origin":10564,"position":1},"title":"Evelynn \u00c1lvarez","author":"Ren\u00e9 Manuel Puig","date":"10 de Ottobre de 2025","format":false,"excerpt":"(Cienfuegos, 1982)","rel":"","context":"In &quot;Aliados&quot;","block_context":{"text":"Aliados","link":"https:\/\/artejoven.org\/it\/category\/aliados\/"},"img":{"alt_text":"Evelynn \u00c1lvarez","src":"https:\/\/i0.wp.com\/artejoven.org\/wp-content\/uploads\/2025\/10\/Evelynn-Alvarez.webp?resize=350%2C200&ssl=1","width":350,"height":200,"srcset":"https:\/\/i0.wp.com\/artejoven.org\/wp-content\/uploads\/2025\/10\/Evelynn-Alvarez.webp?resize=350%2C200&ssl=1 1x, https:\/\/i0.wp.com\/artejoven.org\/wp-content\/uploads\/2025\/10\/Evelynn-Alvarez.webp?resize=525%2C300&ssl=1 1.5x"},"classes":[]},{"id":7432,"url":"https:\/\/artejoven.org\/it\/beneficiarios\/samdor-ramirez\/","url_meta":{"origin":10564,"position":2},"title":"Samdor Ramirez","author":"Ren\u00e9 Manuel Puig","date":"23 de Maggio de 2024","format":false,"excerpt":"Samdor Ram\u00edrez (Cienfuegos, 2000) si \u00e8 laureato in flauto all'Universit\u00e0 delle Arti (ISA) nel 2024.","rel":"","context":"In &quot;Beneficiarios&quot;","block_context":{"text":"Beneficiarios","link":"https:\/\/artejoven.org\/it\/category\/beneficiarios\/"},"img":{"alt_text":"Samdor Ram\u00edrez","src":"https:\/\/i0.wp.com\/artejoven.org\/wp-content\/uploads\/2024\/05\/Samdor-Ramirez.jpg?resize=350%2C200&ssl=1","width":350,"height":200},"classes":[]},{"id":7341,"url":"https:\/\/artejoven.org\/it\/beneficiarios\/luis-miguel-sanchez\/","url_meta":{"origin":10564,"position":3},"title":"Luis Miguel Sanchez","author":"Ren\u00e9 Manuel Puig","date":"10 de Aprile de 2024","format":false,"excerpt":"Luis Miguel S\u00e1nchez (Cienfuegos, 1998) \u00e8 un giovane polistrumentista, laureato in Musica presso la Escuela Nacional de Arte nel 2017, specializzato in sassofono.","rel":"","context":"In &quot;Beneficiarios&quot;","block_context":{"text":"Beneficiarios","link":"https:\/\/artejoven.org\/it\/category\/beneficiarios\/"},"img":{"alt_text":"Luis Miguel S\u00e1nchez","src":"https:\/\/i0.wp.com\/artejoven.org\/wp-content\/uploads\/2024\/04\/Luis-Miguel-Sanchez-jpg.webp?resize=350%2C200&ssl=1","width":350,"height":200},"classes":[]},{"id":10575,"url":"https:\/\/artejoven.org\/it\/beneficiarios\/maria-karla-rifat-rodriguez\/","url_meta":{"origin":10564,"position":4},"title":"Mar\u00eda Karla Rifat Rodr\u00edguez","author":"Ren\u00e9 Manuel Puig","date":"6 de Marzo de 2026","format":false,"excerpt":"(Cienfuegos, 2007) Violoncellista diplomato con laurea d'oro presso la Escuela Profesional de Arte de Matanzas e studente presso l'Universidad de las Artes de Cuba (ISA).","rel":"","context":"In &quot;Beneficiarios&quot;","block_context":{"text":"Beneficiarios","link":"https:\/\/artejoven.org\/it\/category\/beneficiarios\/"},"img":{"alt_text":"Mar\u00eda Karla Rifat Rodr\u00edguez","src":"https:\/\/i0.wp.com\/artejoven.org\/wp-content\/uploads\/2026\/03\/Maria-Karla-Rifat-Rodriguez.webp?resize=350%2C200&ssl=1","width":350,"height":200,"srcset":"https:\/\/i0.wp.com\/artejoven.org\/wp-content\/uploads\/2026\/03\/Maria-Karla-Rifat-Rodriguez.webp?resize=350%2C200&ssl=1 1x, https:\/\/i0.wp.com\/artejoven.org\/wp-content\/uploads\/2026\/03\/Maria-Karla-Rifat-Rodriguez.webp?resize=525%2C300&ssl=1 1.5x"},"classes":[]},{"id":7965,"url":"https:\/\/artejoven.org\/it\/convocatorias\/concurso-nacional-de-musica\/","url_meta":{"origin":10564,"position":5},"title":"Concorso nazionale di musica","author":"Ren\u00e9 Manuel Puig","date":"30 de Agosto de 2024","format":false,"excerpt":"Modulo di iscrizione alla prima edizione del Concorso nazionale di musica","rel":"","context":"In &quot;Convocatorias&quot;","block_context":{"text":"Convocatorias","link":"https:\/\/artejoven.org\/it\/category\/convocatoria\/"},"img":{"alt_text":"","src":"https:\/\/i0.wp.com\/artejoven.org\/wp-content\/uploads\/2023\/05\/Banner-Web.jpg?resize=350%2C200&ssl=1","width":350,"height":200,"srcset":"https:\/\/i0.wp.com\/artejoven.org\/wp-content\/uploads\/2023\/05\/Banner-Web.jpg?resize=350%2C200&ssl=1 1x, https:\/\/i0.wp.com\/artejoven.org\/wp-content\/uploads\/2023\/05\/Banner-Web.jpg?resize=525%2C300&ssl=1 1.5x, https:\/\/i0.wp.com\/artejoven.org\/wp-content\/uploads\/2023\/05\/Banner-Web.jpg?resize=700%2C400&ssl=1 2x"},"classes":[]}],"jetpack_sharing_enabled":true,"_links":{"self":[{"href":"https:\/\/artejoven.org\/it\/wp-json\/wp\/v2\/pages\/10564","targetHints":{"allow":["GET"]}}],"collection":[{"href":"https:\/\/artejoven.org\/it\/wp-json\/wp\/v2\/pages"}],"about":[{"href":"https:\/\/artejoven.org\/it\/wp-json\/wp\/v2\/types\/page"}],"author":[{"embeddable":true,"href":"https:\/\/artejoven.org\/it\/wp-json\/wp\/v2\/users\/1"}],"replies":[{"embeddable":true,"href":"https:\/\/artejoven.org\/it\/wp-json\/wp\/v2\/comments?post=10564"}],"version-history":[{"count":1,"href":"https:\/\/artejoven.org\/it\/wp-json\/wp\/v2\/pages\/10564\/revisions"}],"predecessor-version":[{"id":10566,"href":"https:\/\/artejoven.org\/it\/wp-json\/wp\/v2\/pages\/10564\/revisions\/10566"}],"up":[{"embeddable":true,"href":"https:\/\/artejoven.org\/it\/wp-json\/wp\/v2\/pages\/931"}],"wp:featuredmedia":[{"embeddable":true,"href":"https:\/\/artejoven.org\/it\/wp-json\/wp\/v2\/media\/10565"}],"wp:attachment":[{"href":"https:\/\/artejoven.org\/it\/wp-json\/wp\/v2\/media?parent=10564"}],"wp:term":[{"taxonomy":"category","embeddable":true,"href":"https:\/\/artejoven.org\/it\/wp-json\/wp\/v2\/categories?post=10564"},{"taxonomy":"post_tag","embeddable":true,"href":"https:\/\/artejoven.org\/it\/wp-json\/wp\/v2\/tags?post=10564"}],"curies":[{"name":"wp","href":"https:\/\/api.w.org\/{rel}","templated":true}]}}

Natalia de la Caridad Hernández Delgado

<p>(Cienfuegos, 2010)<br />
Chitarrista formatasi presso la Escuela de Arte Benny Moré di Cienfuegos, dove ha studiato tra il 2020 e il 2025. </p>

Daniel Antón

René Manuel Puig

Daniel Antón (Cienfuegos, 1999). Si è diplomato presso la Scuola d'Arte Benny Moré di Cienfuegos (2014-2018). Attualmente frequenta il terzo anno di Arti Visive presso l'Instituto Superior de Artes (ISA).

Evelynn Álvarez

Samdor Ramírez (Cienfuegos, 2000) si è laureato in flauto all'Università delle Arti (ISA) nel 2024.

Samdor Ramírez

Luis Miguel Sánchez (Cienfuegos, 1998) è un giovane polistrumentista, laureato in Musica presso la Escuela Nacional de Arte nel 2017, specializzato in sassofono.

Luis Miguel Sánchez

María Karla Rifat Rodríguez
