{"id":3077,"date":"2023-05-10T22:57:06","date_gmt":"2023-05-11T02:57:06","guid":{"rendered":"https:\/\/artejoven.org\/?page_id=3077"},"modified":"2023-09-01T12:14:38","modified_gmt":"2023-09-01T16:14:38","slug":"accademia-muselecu","status":"publish","type":"page","link":"https:\/\/artejoven.org\/it\/beneficiarios\/academia-muselecu\/","title":{"rendered":"Accademia Muselecu"},"content":{"rendered":"","protected":false},"excerpt":{"rendered":"<p>All'Avana dal 2023. Si tratta di un progetto di formazione ed educazione al settore della musica elettronica, rivolto ai giovani interessati e legati alla scena.<\/p>","protected":false},"author":1,"featured_media":3078,"parent":931,"menu_order":0,"comment_status":"closed","ping_status":"closed","template":"","meta":{"_acf_changed":false,"footnotes":"","_links_to":"","_links_to_target":""},"categories":[13,33],"tags":[25,57],"class_list":["post-3077","page","type-page","status-publish","has-post-thumbnail","hentry","category-beneficiarios","category-emprendimientos-beneficiarios","tag-25","tag-primer-programa","post","post-with-thumbnail","post-with-thumbnail-large"],"acf":[],"aioseo_notices":[],"jetpack-related-posts":[{"id":3047,"url":"https:\/\/artejoven.org\/it\/beneficiarios\/estudio-taller-tinta-roja-taller-de-grafica-experimental-para-todos\/","url_meta":{"origin":3077,"position":0},"title":"Estudio Taller Tinta Roja: Laboratorio di grafica sperimentale per tutti","author":"Ren\u00e9 Manuel Puig","date":"15 de Maggio de 2023","format":false,"excerpt":"Ad Artemisa dal 2023. \u00c8 un'impresa coordinata dal creatore indipendente e artista autodidatta Sediel Cabrera Furones.","rel":"","context":"In &quot;Beneficiarios&quot;","block_context":{"text":"Beneficiarios","link":"https:\/\/artejoven.org\/it\/category\/beneficiarios\/"},"img":{"alt_text":"Tinta Roja","src":"https:\/\/i0.wp.com\/artejoven.org\/wp-content\/uploads\/2023\/06\/Tinta-Roja-jpg.webp?resize=350%2C200&ssl=1","width":350,"height":200},"classes":[]},{"id":3031,"url":"https:\/\/artejoven.org\/it\/beneficiarios\/la-timba-crea-lab-jovenes-fotografos-del-barrio\/","url_meta":{"origin":3077,"position":1},"title":"La Timba Crea Lab: giovani fotografi di quartiere\u00a0","author":"Ren\u00e9 Manuel Puig","date":"19 de Maggio de 2023","format":false,"excerpt":"All'Avana dal 2023. Iniziativa ideata dal Centro Cultural y Creativo La Manigua, un progetto di Sviluppo Locale in via di costituzione e composto da 4 persone fisse e 4 collaboratori.","rel":"","context":"In &quot;Beneficiarios&quot;","block_context":{"text":"Beneficiarios","link":"https:\/\/artejoven.org\/it\/category\/beneficiarios\/"},"img":{"alt_text":"La Timba Crea Lab","src":"https:\/\/i0.wp.com\/artejoven.org\/wp-content\/uploads\/2023\/06\/La-Timba-CreaLab-jpg.webp?resize=350%2C200&ssl=1","width":350,"height":200},"classes":[]},{"id":6606,"url":"https:\/\/artejoven.org\/it\/espacios-faj\/malayerba\/primera-edicion-de-malayerba\/","url_meta":{"origin":3077,"position":2},"title":"Prima edizione di malaYerba","author":"Ren\u00e9 Manuel Puig","date":"11 de Dicembre de 2023","format":false,"excerpt":"La mostra che \u00e8 nata da questa prima edizione si avvicina all'espressione collettiva di un insieme di preoccupazioni di una nuova generazione di artisti.","rel":"","context":"In &quot;Exposiciones&quot;","block_context":{"text":"Exposiciones","link":"https:\/\/artejoven.org\/it\/category\/espacios\/exposiciones-espacios\/"},"img":{"alt_text":"malaYerba","src":"https:\/\/i0.wp.com\/artejoven.org\/wp-content\/uploads\/2023\/12\/malaYerba-3.WEBP?resize=350%2C200&ssl=1","width":350,"height":200,"srcset":"https:\/\/i0.wp.com\/artejoven.org\/wp-content\/uploads\/2023\/12\/malaYerba-3.WEBP?resize=350%2C200&ssl=1 1x, https:\/\/i0.wp.com\/artejoven.org\/wp-content\/uploads\/2023\/12\/malaYerba-3.WEBP?resize=525%2C300&ssl=1 1.5x, https:\/\/i0.wp.com\/artejoven.org\/wp-content\/uploads\/2023\/12\/malaYerba-3.WEBP?resize=700%2C400&ssl=1 2x, https:\/\/i0.wp.com\/artejoven.org\/wp-content\/uploads\/2023\/12\/malaYerba-3.WEBP?resize=1050%2C600&ssl=1 3x, https:\/\/i0.wp.com\/artejoven.org\/wp-content\/uploads\/2023\/12\/malaYerba-3.WEBP?resize=1400%2C800&ssl=1 4x"},"classes":[]},{"id":6141,"url":"https:\/\/artejoven.org\/it\/espacios-faj\/salon-blanco\/habana-un-alma-palpable\/","url_meta":{"origin":3077,"position":3},"title":"L'Avana, un'anima palpabile","author":"Ren\u00e9 Manuel Puig","date":"23 de Ottobre de 2023","format":false,"excerpt":"L'Avana, un'anima palpabile \u00e8 una mostra che riunisce un gruppo di fotografi cubani molto giovani ed emergenti nel cui lavoro troviamo non una, ma molte Avane.","rel":"","context":"In &quot;Exposiciones&quot;","block_context":{"text":"Exposiciones","link":"https:\/\/artejoven.org\/it\/category\/espacios\/exposiciones-espacios\/"},"img":{"alt_text":"Habana, un alma palpable","src":"https:\/\/i0.wp.com\/artejoven.org\/wp-content\/uploads\/2023\/10\/Habana-un-alma-palpable-68.WEBP?resize=350%2C200&ssl=1","width":350,"height":200,"srcset":"https:\/\/i0.wp.com\/artejoven.org\/wp-content\/uploads\/2023\/10\/Habana-un-alma-palpable-68.WEBP?resize=350%2C200&ssl=1 1x, https:\/\/i0.wp.com\/artejoven.org\/wp-content\/uploads\/2023\/10\/Habana-un-alma-palpable-68.WEBP?resize=525%2C300&ssl=1 1.5x, https:\/\/i0.wp.com\/artejoven.org\/wp-content\/uploads\/2023\/10\/Habana-un-alma-palpable-68.WEBP?resize=700%2C400&ssl=1 2x, https:\/\/i0.wp.com\/artejoven.org\/wp-content\/uploads\/2023\/10\/Habana-un-alma-palpable-68.WEBP?resize=1050%2C600&ssl=1 3x, https:\/\/i0.wp.com\/artejoven.org\/wp-content\/uploads\/2023\/10\/Habana-un-alma-palpable-68.WEBP?resize=1400%2C800&ssl=1 4x"},"classes":[]},{"id":2455,"url":"https:\/\/artejoven.org\/it\/preguntas-frecuentes\/","url_meta":{"origin":3077,"position":4},"title":"FAQ","author":"Ren\u00e9 Manuel Puig","date":"31 de Maggio de 2023","format":false,"excerpt":"Troverete un gruppo di domande generiche e vi daremo la possibilit\u00e0 di porne di nuove.","rel":"","context":"Articolo simile","block_context":{"text":"Articolo simile","link":""},"img":{"alt_text":"","src":"","width":0,"height":0},"classes":[]},{"id":2916,"url":"https:\/\/artejoven.org\/it\/beneficiarios\/gabriel-cisneros\/","url_meta":{"origin":3077,"position":5},"title":"Gabriel Cisneros","author":"Ren\u00e9 Manuel Puig","date":"16 de Maggio de 2023","format":false,"excerpt":"Gabriel Ra\u00fal Cisneros B\u00e1ez (Las Tunas, 1990) \u00e8 uno dei pi\u00f9 importanti artisti visivi emergenti di Cuba.","rel":"","context":"In &quot;Artes Visuales&quot;","block_context":{"text":"Artes Visuales","link":"https:\/\/artejoven.org\/it\/category\/beneficiarios\/artes-visuales-beneficiarios\/"},"img":{"alt_text":"Gabriel Cisneros","src":"https:\/\/i0.wp.com\/artejoven.org\/wp-content\/uploads\/2023\/06\/Gabriel-Cisneros-jpg.webp?resize=350%2C200&ssl=1","width":350,"height":200},"classes":[]}],"jetpack_sharing_enabled":true,"_links":{"self":[{"href":"https:\/\/artejoven.org\/it\/wp-json\/wp\/v2\/pages\/3077","targetHints":{"allow":["GET"]}}],"collection":[{"href":"https:\/\/artejoven.org\/it\/wp-json\/wp\/v2\/pages"}],"about":[{"href":"https:\/\/artejoven.org\/it\/wp-json\/wp\/v2\/types\/page"}],"author":[{"embeddable":true,"href":"https:\/\/artejoven.org\/it\/wp-json\/wp\/v2\/users\/1"}],"replies":[{"embeddable":true,"href":"https:\/\/artejoven.org\/it\/wp-json\/wp\/v2\/comments?post=3077"}],"version-history":[{"count":0,"href":"https:\/\/artejoven.org\/it\/wp-json\/wp\/v2\/pages\/3077\/revisions"}],"up":[{"embeddable":true,"href":"https:\/\/artejoven.org\/it\/wp-json\/wp\/v2\/pages\/931"}],"wp:featuredmedia":[{"embeddable":true,"href":"https:\/\/artejoven.org\/it\/wp-json\/wp\/v2\/media\/3078"}],"wp:attachment":[{"href":"https:\/\/artejoven.org\/it\/wp-json\/wp\/v2\/media?parent=3077"}],"wp:term":[{"taxonomy":"category","embeddable":true,"href":"https:\/\/artejoven.org\/it\/wp-json\/wp\/v2\/categories?post=3077"},{"taxonomy":"post_tag","embeddable":true,"href":"https:\/\/artejoven.org\/it\/wp-json\/wp\/v2\/tags?post=3077"}],"curies":[{"name":"wp","href":"https:\/\/api.w.org\/{rel}","templated":true}]}}

René Manuel Puig

Ad Artemisa dal 2023. È un'impresa coordinata dal creatore indipendente e artista autodidatta Sediel Cabrera Furones.

La mostra che è nata da questa prima edizione si avvicina all'espressione collettiva di un insieme di preoccupazioni di una nuova generazione di artisti.

L'Avana, un'anima palpabile è una mostra che riunisce un gruppo di fotografi cubani molto giovani ed emergenti nel cui lavoro troviamo non una, ma molte Avane.

Troverete un gruppo di domande generiche e vi daremo la possibilità di porne di nuove.

Gabriel Raúl Cisneros Báez (Las Tunas, 1990) è uno dei più importanti artisti visivi emergenti di Cuba.
