{"id":5649,"date":"2023-09-11T20:43:52","date_gmt":"2023-09-12T00:43:52","guid":{"rendered":"https:\/\/artejoven.org\/?page_id=5649"},"modified":"2023-09-12T17:20:15","modified_gmt":"2023-09-12T21:20:15","slug":"quartetto-darchi-alma","status":"publish","type":"page","link":"https:\/\/artejoven.org\/it\/beneficiarios\/cuarteto-de-cuerdas-alma\/","title":{"rendered":"Quartetto d'archi Alma"},"content":{"rendered":"","protected":false},"excerpt":{"rendered":"<p>L'Alma String Quartet \u00e8 stato creato nel 2016 da Amaya Justiz, con l'obiettivo di promuovere ed eseguire repertorio classico e contemporaneo scritto per il formato, oltre a collaborare con diversi interpreti di musica da concerto.<\/p>","protected":false},"author":1,"featured_media":5650,"parent":931,"menu_order":0,"comment_status":"closed","ping_status":"closed","template":"","meta":{"_acf_changed":false,"footnotes":"","_links_to":"","_links_to_target":""},"categories":[13,31],"tags":[25,58],"class_list":["post-5649","page","type-page","status-publish","has-post-thumbnail","hentry","category-beneficiarios","category-musica-beneficiarios","tag-25","tag-segundo-programa","post","post-with-thumbnail","post-with-thumbnail-large"],"acf":[],"aioseo_notices":[],"jetpack-related-posts":[{"id":9401,"url":"https:\/\/dcubamusica.cult.cu\/","url_meta":{"origin":5649,"position":0},"title":"Istituto cubano di musica","author":"Ren\u00e9 Manuel Puig","date":"3 de Maggio de 2025","format":false,"excerpt":"L'Istituto Cubano di Musica (ICM) \u00e8 un'istituzione governativa cubana fondata nel 1989 con l'obiettivo di organizzare, promuovere, sponsorizzare e proteggere il patrimonio musicale cubano.","rel":"","context":"In &quot;Socios&quot;","block_context":{"text":"Socios","link":"https:\/\/artejoven.org\/it\/category\/socios\/"},"img":{"alt_text":"","src":"https:\/\/i0.wp.com\/artejoven.org\/wp-content\/uploads\/2025\/05\/ICM.webp?resize=350%2C200&ssl=1","width":350,"height":200},"classes":[]},{"id":8767,"url":"https:\/\/artejoven.org\/it\/espacios-faj\/concurso-nacional-de-musica\/","url_meta":{"origin":5649,"position":1},"title":"Concorso nazionale di musica","author":"Ren\u00e9 Manuel Puig","date":"12 de Febbraio de 2025","format":false,"excerpt":"Auspiciado por el FAJ y UNICEF Cuba, la iniciativa se dirige a m\u00fasicos en formaci\u00f3n formal o informal (de la ense\u00f1anza art\u00edstica o autodidactas), de nacionalidad cubana, residentes en Cuba, con el objetivo de promover procesos creativos que favorezcan el crecimiento espiritual, la creatividad y la expresi\u00f3n de adolescentes, as\u00ed\u2026","rel":"","context":"In &quot;Espacios&quot;","block_context":{"text":"Espacios","link":"https:\/\/artejoven.org\/it\/category\/espacios\/"},"img":{"alt_text":"","src":"https:\/\/i0.wp.com\/artejoven.org\/wp-content\/uploads\/2025\/07\/BANNER_CONCURSO-NACIONAL-DE-MUSICA-2DA-EDICION.webp?resize=350%2C200&ssl=1","width":350,"height":200,"srcset":"https:\/\/i0.wp.com\/artejoven.org\/wp-content\/uploads\/2025\/07\/BANNER_CONCURSO-NACIONAL-DE-MUSICA-2DA-EDICION.webp?resize=350%2C200&ssl=1 1x, https:\/\/i0.wp.com\/artejoven.org\/wp-content\/uploads\/2025\/07\/BANNER_CONCURSO-NACIONAL-DE-MUSICA-2DA-EDICION.webp?resize=525%2C300&ssl=1 1.5x, https:\/\/i0.wp.com\/artejoven.org\/wp-content\/uploads\/2025\/07\/BANNER_CONCURSO-NACIONAL-DE-MUSICA-2DA-EDICION.webp?resize=700%2C400&ssl=1 2x, https:\/\/i0.wp.com\/artejoven.org\/wp-content\/uploads\/2025\/07\/BANNER_CONCURSO-NACIONAL-DE-MUSICA-2DA-EDICION.webp?resize=1050%2C600&ssl=1 3x"},"classes":[]},{"id":6486,"url":"https:\/\/artejoven.org\/it\/beneficiarios\/sylvania-sylvain\/","url_meta":{"origin":5649,"position":2},"title":"Sylvania Sylvain","author":"Ren\u00e9 Manuel Puig","date":"5 de Dicembre de 2023","format":false,"excerpt":"Artista e chitarrista, appassionato di musica; spinto dalla costante ricerca dell'espressione artistica.","rel":"","context":"In &quot;Beneficiarios&quot;","block_context":{"text":"Beneficiarios","link":"https:\/\/artejoven.org\/it\/category\/beneficiarios\/"},"img":{"alt_text":"Sylvania Sylvain","src":"https:\/\/i0.wp.com\/artejoven.org\/wp-content\/uploads\/2023\/12\/Vava-jpg.webp?resize=350%2C200&ssl=1","width":350,"height":200,"srcset":"https:\/\/i0.wp.com\/artejoven.org\/wp-content\/uploads\/2023\/12\/Vava-jpg.webp?resize=350%2C200&ssl=1 1x, https:\/\/i0.wp.com\/artejoven.org\/wp-content\/uploads\/2023\/12\/Vava-jpg.webp?resize=525%2C300&ssl=1 1.5x"},"classes":[]},{"id":10470,"url":"https:\/\/youtube.com\/watch?v=u1n4aCLa7FA&#038;feature=shared","url_meta":{"origin":5649,"position":3},"title":"Improvvisare e restare","author":"Ren\u00e9 Manuel Puig","date":"13 de Febbraio de 2026","format":false,"excerpt":"Corso di improvvisazione online, tenuto dal polistrumentista Janio Abreu, basato sulla musica cubana e sul jazz.","rel":"","context":"In &quot;M\u00fasica&quot;","block_context":{"text":"M\u00fasica","link":"https:\/\/artejoven.org\/it\/category\/recursos\/musica-recursos\/"},"img":{"alt_text":"","src":"","width":0,"height":0},"classes":[]},{"id":8754,"url":"https:\/\/artejoven.org\/it\/beneficiarios\/laura-diaz-la-o\/","url_meta":{"origin":5649,"position":4},"title":"Laura D\u00edaz La O","author":"Ren\u00e9 Manuel Puig","date":"11 de Febbraio de 2025","format":false,"excerpt":"(L'Avana, 2007) Studente di violino presso il conservatorio di musica \"Amadeo Rold\u00e1n, L'Avana.","rel":"","context":"In &quot;Beneficiarios&quot;","block_context":{"text":"Beneficiarios","link":"https:\/\/artejoven.org\/it\/category\/beneficiarios\/"},"img":{"alt_text":"Laura D\u00edaz La O","src":"https:\/\/i0.wp.com\/artejoven.org\/wp-content\/uploads\/2025\/02\/Laura-Diaz.webp?resize=350%2C200&ssl=1","width":350,"height":200,"srcset":"https:\/\/i0.wp.com\/artejoven.org\/wp-content\/uploads\/2025\/02\/Laura-Diaz.webp?resize=350%2C200&ssl=1 1x, https:\/\/i0.wp.com\/artejoven.org\/wp-content\/uploads\/2025\/02\/Laura-Diaz.webp?resize=525%2C300&ssl=1 1.5x"},"classes":[]},{"id":8799,"url":"https:\/\/artejoven.org\/it\/beneficiarios\/alejandro-sanchez-veliz\/","url_meta":{"origin":5649,"position":5},"title":"Alejandro S\u00e1nchez Veliz","author":"Ren\u00e9 Manuel Puig","date":"13 de Febbraio de 2025","format":false,"excerpt":"(Villa Clara, 2006) Studente di clarinetto presso la Scuola Nazionale di Musica dell'Avana.","rel":"","context":"In &quot;Beneficiarios&quot;","block_context":{"text":"Beneficiarios","link":"https:\/\/artejoven.org\/it\/category\/beneficiarios\/"},"img":{"alt_text":"Alejandro S\u00e1nchez Veliz","src":"https:\/\/i0.wp.com\/artejoven.org\/wp-content\/uploads\/2025\/02\/Alejandro-Sanchez-Veliz.webp?resize=350%2C200&ssl=1","width":350,"height":200,"srcset":"https:\/\/i0.wp.com\/artejoven.org\/wp-content\/uploads\/2025\/02\/Alejandro-Sanchez-Veliz.webp?resize=350%2C200&ssl=1 1x, https:\/\/i0.wp.com\/artejoven.org\/wp-content\/uploads\/2025\/02\/Alejandro-Sanchez-Veliz.webp?resize=525%2C300&ssl=1 1.5x"},"classes":[]}],"jetpack_sharing_enabled":true,"_links":{"self":[{"href":"https:\/\/artejoven.org\/it\/wp-json\/wp\/v2\/pages\/5649","targetHints":{"allow":["GET"]}}],"collection":[{"href":"https:\/\/artejoven.org\/it\/wp-json\/wp\/v2\/pages"}],"about":[{"href":"https:\/\/artejoven.org\/it\/wp-json\/wp\/v2\/types\/page"}],"author":[{"embeddable":true,"href":"https:\/\/artejoven.org\/it\/wp-json\/wp\/v2\/users\/1"}],"replies":[{"embeddable":true,"href":"https:\/\/artejoven.org\/it\/wp-json\/wp\/v2\/comments?post=5649"}],"version-history":[{"count":0,"href":"https:\/\/artejoven.org\/it\/wp-json\/wp\/v2\/pages\/5649\/revisions"}],"up":[{"embeddable":true,"href":"https:\/\/artejoven.org\/it\/wp-json\/wp\/v2\/pages\/931"}],"wp:featuredmedia":[{"embeddable":true,"href":"https:\/\/artejoven.org\/it\/wp-json\/wp\/v2\/media\/5650"}],"wp:attachment":[{"href":"https:\/\/artejoven.org\/it\/wp-json\/wp\/v2\/media?parent=5649"}],"wp:term":[{"taxonomy":"category","embeddable":true,"href":"https:\/\/artejoven.org\/it\/wp-json\/wp\/v2\/categories?post=5649"},{"taxonomy":"post_tag","embeddable":true,"href":"https:\/\/artejoven.org\/it\/wp-json\/wp\/v2\/tags?post=5649"}],"curies":[{"name":"wp","href":"https:\/\/api.w.org\/{rel}","templated":true}]}}

<p>L'Alma String Quartet è stato creato nel 2016 da Amaya Justiz, con l'obiettivo di promuovere ed eseguire repertorio classico e contemporaneo scritto per il formato, oltre a collaborare con diversi interpreti di musica da concerto.</p>

René Manuel Puig

L'Istituto Cubano di Musica (ICM) è un'istituzione governativa cubana fondata nel 1989 con l'obiettivo di organizzare, promuovere, sponsorizzare e proteggere il patrimonio musicale cubano.

Auspiciado por el FAJ y UNICEF Cuba, la iniciativa se dirige a músicos en formación formal o informal (de la enseñanza artística o autodidactas), de nacionalidad cubana, residentes en Cuba, con el objetivo de promover procesos creativos que favorezcan el crecimiento espiritual, la creatividad y la expresión de adolescentes, así…

In &quot;Música&quot;

Música

Laura Díaz La O

(L'Avana, 2007) Studente di violino presso il conservatorio di musica "Amadeo Roldán, L'Avana.

Alejandro Sánchez Veliz
