{"id":6519,"date":"2023-12-05T11:57:32","date_gmt":"2023-12-05T16:57:32","guid":{"rendered":"https:\/\/artejoven.org\/?page_id=6519"},"modified":"2023-12-05T11:57:35","modified_gmt":"2023-12-05T16:57:35","slug":"victoria-onelien","status":"publish","type":"page","link":"https:\/\/artejoven.org\/it\/beneficiarios\/victoria-onelien\/","title":{"rendered":"Victoria On\u00e9lien"},"content":{"rendered":"","protected":false},"excerpt":{"rendered":"<p>Giovane e talentuosa artista visiva. \u00c8 pittrice e street artist. <\/p>","protected":false},"author":1,"featured_media":6520,"parent":931,"menu_order":0,"comment_status":"closed","ping_status":"closed","template":"","meta":{"_acf_changed":false,"footnotes":"","_links_to":"","_links_to_target":""},"categories":[32,13],"tags":[],"class_list":["post-6519","page","type-page","status-publish","has-post-thumbnail","hentry","category-artes-visuales-beneficiarios","category-beneficiarios","post","post-with-thumbnail","post-with-thumbnail-large"],"acf":[],"aioseo_notices":[],"jetpack-related-posts":[{"id":7329,"url":"https:\/\/artejoven.org\/it\/beneficiarios\/estaciones\/","url_meta":{"origin":6519,"position":0},"title":"Stazioni","author":"Ren\u00e9 Manuel Puig","date":"10 de Aprile de 2024","format":false,"excerpt":"Questa iniziativa della giovane artista visiva Mar\u00eda Karla Gonz\u00e1lez (Villa Clara, 2003) mira a generare eventi artistici assumendo il non-estetico come base dell'evento artistico.","rel":"","context":"In &quot;Artes Visuales&quot;","block_context":{"text":"Artes Visuales","link":"https:\/\/artejoven.org\/it\/category\/beneficiarios\/artes-visuales-beneficiarios\/"},"img":{"alt_text":"Estaciones","src":"https:\/\/i0.wp.com\/artejoven.org\/wp-content\/uploads\/2024\/04\/Estaciones-jpg.webp?resize=350%2C200&ssl=1","width":350,"height":200},"classes":[]},{"id":7708,"url":"https:\/\/artejoven.org\/it\/beneficiarios\/jhonatan-moreno\/","url_meta":{"origin":6519,"position":1},"title":"Jhonatan Moreno","author":"Ren\u00e9 Manuel Puig","date":"12 de Luglio de 2024","format":false,"excerpt":"Jhonatan Moreno (Matanzas, 1998) \u00e8 un giovane artista visivo laureato presso l'Universit\u00e0 delle Arti (ISA) di Cuba.","rel":"","context":"In &quot;Artes Visuales&quot;","block_context":{"text":"Artes Visuales","link":"https:\/\/artejoven.org\/it\/category\/beneficiarios\/artes-visuales-beneficiarios\/"},"img":{"alt_text":"Jhonatan Moreno","src":"https:\/\/i0.wp.com\/artejoven.org\/wp-content\/uploads\/2024\/07\/Jhonatan-Moreno-jpg.webp?resize=350%2C200&ssl=1","width":350,"height":200,"srcset":"https:\/\/i0.wp.com\/artejoven.org\/wp-content\/uploads\/2024\/07\/Jhonatan-Moreno-jpg.webp?resize=350%2C200&ssl=1 1x, https:\/\/i0.wp.com\/artejoven.org\/wp-content\/uploads\/2024\/07\/Jhonatan-Moreno-jpg.webp?resize=525%2C300&ssl=1 1.5x"},"classes":[]},{"id":7691,"url":"https:\/\/artejoven.org\/it\/beneficiarios\/elio-jesus-fonseca\/","url_meta":{"origin":6519,"position":2},"title":"Elio Jes\u00fas Fonseca","author":"Ren\u00e9 Manuel Puig","date":"12 de Luglio de 2024","format":false,"excerpt":"Elio Jes\u00fas Fonseca (Camag\u00fcey, 1994) \u00e8 un giovane artista visivo, laureatosi all'Universit\u00e0 delle Arti (ISA) di Cuba nel 2019.","rel":"","context":"In &quot;Artes Visuales&quot;","block_context":{"text":"Artes Visuales","link":"https:\/\/artejoven.org\/it\/category\/beneficiarios\/artes-visuales-beneficiarios\/"},"img":{"alt_text":"Elio Jes\u00fas Fonseca","src":"https:\/\/i0.wp.com\/artejoven.org\/wp-content\/uploads\/2024\/07\/Elio-Jesus-Fonseca-jpg.webp?resize=350%2C200&ssl=1","width":350,"height":200,"srcset":"https:\/\/i0.wp.com\/artejoven.org\/wp-content\/uploads\/2024\/07\/Elio-Jesus-Fonseca-jpg.webp?resize=350%2C200&ssl=1 1x, https:\/\/i0.wp.com\/artejoven.org\/wp-content\/uploads\/2024\/07\/Elio-Jesus-Fonseca-jpg.webp?resize=525%2C300&ssl=1 1.5x"},"classes":[]},{"id":10231,"url":"https:\/\/drive.google.com\/drive\/folders\/1d0mwx6zAfkG_zs7JL7x7d7S_RmvtM4jX","url_meta":{"origin":6519,"position":3},"title":"\u00abNada\u00bb, catalogo dell'artista visiva Clara Mass\u00f3","author":"Ren\u00e9 Manuel Puig","date":"10 de Dicembre de 2025","format":false,"excerpt":"Vincitrice della prima edizione di malaYerba. Concorso d'arte per giovani artisti.","rel":"","context":"In &quot;Artes Visuales&quot;","block_context":{"text":"Artes Visuales","link":"https:\/\/artejoven.org\/it\/category\/recursos\/artes-visuales-recursos\/"},"img":{"alt_text":"","src":"","width":0,"height":0},"classes":[]},{"id":2916,"url":"https:\/\/artejoven.org\/it\/beneficiarios\/gabriel-cisneros\/","url_meta":{"origin":6519,"position":4},"title":"Gabriel Cisneros","author":"Ren\u00e9 Manuel Puig","date":"16 de Maggio de 2023","format":false,"excerpt":"Gabriel Ra\u00fal Cisneros B\u00e1ez (Las Tunas, 1990) \u00e8 uno dei pi\u00f9 importanti artisti visivi emergenti di Cuba.","rel":"","context":"In &quot;Artes Visuales&quot;","block_context":{"text":"Artes Visuales","link":"https:\/\/artejoven.org\/it\/category\/beneficiarios\/artes-visuales-beneficiarios\/"},"img":{"alt_text":"Gabriel Cisneros","src":"https:\/\/i0.wp.com\/artejoven.org\/wp-content\/uploads\/2023\/06\/Gabriel-Cisneros-jpg.webp?resize=350%2C200&ssl=1","width":350,"height":200},"classes":[]},{"id":6523,"url":"https:\/\/artejoven.org\/it\/beneficiarios\/giselle-lucia-navarro\/","url_meta":{"origin":6519,"position":5},"title":"Giselle Luc\u00eda Navarro","author":"Ren\u00e9 Manuel Puig","date":"5 de Dicembre de 2023","format":false,"excerpt":"Giselle Luc\u00eda Navarro (Alqu\u00edzar, 1995) \u00e8 laureata in Disegno Industriale all'Universit\u00e0 dell'Avana e diplomata al Centro de Formaci\u00f3n Literaria Onelio Jorge Cardoso.","rel":"","context":"In &quot;Artes Visuales&quot;","block_context":{"text":"Artes Visuales","link":"https:\/\/artejoven.org\/it\/category\/beneficiarios\/artes-visuales-beneficiarios\/"},"img":{"alt_text":"Giselle Luc\u00eda Navarro","src":"https:\/\/i0.wp.com\/artejoven.org\/wp-content\/uploads\/2023\/12\/Giselle-jpg.webp?resize=350%2C200&ssl=1","width":350,"height":200,"srcset":"https:\/\/i0.wp.com\/artejoven.org\/wp-content\/uploads\/2023\/12\/Giselle-jpg.webp?resize=350%2C200&ssl=1 1x, https:\/\/i0.wp.com\/artejoven.org\/wp-content\/uploads\/2023\/12\/Giselle-jpg.webp?resize=525%2C300&ssl=1 1.5x"},"classes":[]}],"jetpack_sharing_enabled":true,"_links":{"self":[{"href":"https:\/\/artejoven.org\/it\/wp-json\/wp\/v2\/pages\/6519","targetHints":{"allow":["GET"]}}],"collection":[{"href":"https:\/\/artejoven.org\/it\/wp-json\/wp\/v2\/pages"}],"about":[{"href":"https:\/\/artejoven.org\/it\/wp-json\/wp\/v2\/types\/page"}],"author":[{"embeddable":true,"href":"https:\/\/artejoven.org\/it\/wp-json\/wp\/v2\/users\/1"}],"replies":[{"embeddable":true,"href":"https:\/\/artejoven.org\/it\/wp-json\/wp\/v2\/comments?post=6519"}],"version-history":[{"count":0,"href":"https:\/\/artejoven.org\/it\/wp-json\/wp\/v2\/pages\/6519\/revisions"}],"up":[{"embeddable":true,"href":"https:\/\/artejoven.org\/it\/wp-json\/wp\/v2\/pages\/931"}],"wp:featuredmedia":[{"embeddable":true,"href":"https:\/\/artejoven.org\/it\/wp-json\/wp\/v2\/media\/6520"}],"wp:attachment":[{"href":"https:\/\/artejoven.org\/it\/wp-json\/wp\/v2\/media?parent=6519"}],"wp:term":[{"taxonomy":"category","embeddable":true,"href":"https:\/\/artejoven.org\/it\/wp-json\/wp\/v2\/categories?post=6519"},{"taxonomy":"post_tag","embeddable":true,"href":"https:\/\/artejoven.org\/it\/wp-json\/wp\/v2\/tags?post=6519"}],"curies":[{"name":"wp","href":"https:\/\/api.w.org\/{rel}","templated":true}]}}

Victoria Onélien

<p>Giovane e talentuosa artista visiva. È pittrice e street artist. </p>

René Manuel Puig

Questa iniziativa della giovane artista visiva María Karla González (Villa Clara, 2003) mira a generare eventi artistici assumendo il non-estetico come base dell'evento artistico.

Jhonatan Moreno (Matanzas, 1998) è un giovane artista visivo laureato presso l'Università delle Arti (ISA) di Cuba.

Elio Jesús Fonseca

Elio Jesús Fonseca (Camagüey, 1994) è un giovane artista visivo, laureatosi all'Università delle Arti (ISA) di Cuba nel 2019.

«Nada», catalogo dell'artista visiva Clara Massó

Gabriel Raúl Cisneros Báez (Las Tunas, 1990) è uno dei più importanti artisti visivi emergenti di Cuba.

Giselle Lucía Navarro

Giselle Lucía Navarro (Alquízar, 1995) è laureata in Disegno Industriale all'Università dell'Avana e diplomata al Centro de Formación Literaria Onelio Jorge Cardoso.
