{"id":7347,"date":"2024-04-10T14:37:00","date_gmt":"2024-04-10T18:37:00","guid":{"rendered":"https:\/\/artejoven.org\/?page_id=7347"},"modified":"2024-04-17T11:18:05","modified_gmt":"2024-04-17T15:18:05","slug":"gabriela-diaz-miranda","status":"publish","type":"page","link":"https:\/\/artejoven.org\/it\/beneficiarios\/gabriela-diaz-miranda\/","title":{"rendered":"Gabriela D\u00edaz Miranda"},"content":{"rendered":"","protected":false},"excerpt":{"rendered":"<p>Gabriela D\u00edaz Miranda (L'Avana, 2003) \u00e8 una giovane violinista, che si \u00e8 laureata con un diploma d'oro presso la Escuela Nacional de Arte nel 2017.<\/p>","protected":false},"author":1,"featured_media":7348,"parent":931,"menu_order":0,"comment_status":"closed","ping_status":"closed","template":"","meta":{"_acf_changed":false,"footnotes":"","_links_to":"","_links_to_target":""},"categories":[13,31],"tags":[63],"class_list":["post-7347","page","type-page","status-publish","has-post-thumbnail","hentry","category-beneficiarios","category-musica-beneficiarios","tag-63","post","post-with-thumbnail","post-with-thumbnail-large"],"acf":[],"aioseo_notices":[],"jetpack-related-posts":[{"id":8754,"url":"https:\/\/artejoven.org\/it\/beneficiarios\/laura-diaz-la-o\/","url_meta":{"origin":7347,"position":0},"title":"Laura D\u00edaz La O","author":"Ren\u00e9 Manuel Puig","date":"11 de Febbraio de 2025","format":false,"excerpt":"(L'Avana, 2007) Studente di violino presso il conservatorio di musica \"Amadeo Rold\u00e1n, L'Avana.","rel":"","context":"In &quot;Beneficiarios&quot;","block_context":{"text":"Beneficiarios","link":"https:\/\/artejoven.org\/it\/category\/beneficiarios\/"},"img":{"alt_text":"Laura D\u00edaz La O","src":"https:\/\/i0.wp.com\/artejoven.org\/wp-content\/uploads\/2025\/02\/Laura-Diaz.webp?resize=350%2C200&ssl=1","width":350,"height":200,"srcset":"https:\/\/i0.wp.com\/artejoven.org\/wp-content\/uploads\/2025\/02\/Laura-Diaz.webp?resize=350%2C200&ssl=1 1x, https:\/\/i0.wp.com\/artejoven.org\/wp-content\/uploads\/2025\/02\/Laura-Diaz.webp?resize=525%2C300&ssl=1 1.5x"},"classes":[]},{"id":7907,"url":"https:\/\/www.instagram.com\/german_diaz_lopez\/","url_meta":{"origin":7347,"position":1},"title":"Germ\u00e1n D\u00edaz","author":"Ren\u00e9 Manuel Puig","date":"28 de Luglio de 2024","format":false,"excerpt":"(Valladolid, 1978) \u00e8 un musicista, compositore e suonatore di ghironda spagnolo, considerato uno dei pi\u00f9 innovativi suonatori di ghironda in Europa.","rel":"","context":"In &quot;Aliados&quot;","block_context":{"text":"Aliados","link":"https:\/\/artejoven.org\/it\/category\/aliados\/"},"img":{"alt_text":"","src":"https:\/\/i0.wp.com\/artejoven.org\/wp-content\/uploads\/2024\/08\/German-Diaz-jpg.webp?resize=350%2C200&ssl=1","width":350,"height":200},"classes":[]},{"id":2916,"url":"https:\/\/artejoven.org\/it\/beneficiarios\/gabriel-cisneros\/","url_meta":{"origin":7347,"position":2},"title":"Gabriel Cisneros","author":"Ren\u00e9 Manuel Puig","date":"16 de Maggio de 2023","format":false,"excerpt":"Gabriel Ra\u00fal Cisneros B\u00e1ez (Las Tunas, 1990) \u00e8 uno dei pi\u00f9 importanti artisti visivi emergenti di Cuba.","rel":"","context":"In &quot;Artes Visuales&quot;","block_context":{"text":"Artes Visuales","link":"https:\/\/artejoven.org\/it\/category\/beneficiarios\/artes-visuales-beneficiarios\/"},"img":{"alt_text":"Gabriel Cisneros","src":"https:\/\/i0.wp.com\/artejoven.org\/wp-content\/uploads\/2023\/06\/Gabriel-Cisneros-jpg.webp?resize=350%2C200&ssl=1","width":350,"height":200},"classes":[]},{"id":9925,"url":"https:\/\/www.instagram.com\/gaby_red15\/","url_meta":{"origin":7347,"position":3},"title":"Gabriela Rojas","author":"Ren\u00e9 Manuel Puig","date":"10 de Ottobre de 2025","format":false,"excerpt":"Musicologo, direttore dell'Orchestra del Liceo dell'Avana e coordinatore generale dell'Accademia Orchestrale dell'Avana.","rel":"","context":"In &quot;Aliados&quot;","block_context":{"text":"Aliados","link":"https:\/\/artejoven.org\/it\/category\/aliados\/"},"img":{"alt_text":"Gabriela Rojas","src":"https:\/\/i0.wp.com\/artejoven.org\/wp-content\/uploads\/2025\/10\/Gabriela-Rojas.webp?resize=350%2C200&ssl=1","width":350,"height":200,"srcset":"https:\/\/i0.wp.com\/artejoven.org\/wp-content\/uploads\/2025\/10\/Gabriela-Rojas.webp?resize=350%2C200&ssl=1 1x, https:\/\/i0.wp.com\/artejoven.org\/wp-content\/uploads\/2025\/10\/Gabriela-Rojas.webp?resize=525%2C300&ssl=1 1.5x"},"classes":[]},{"id":9761,"url":"#","url_meta":{"origin":7347,"position":4},"title":"Gabriela Betancourt","author":"Ren\u00e9 Manuel Puig","date":"28 de Agosto de 2025","format":false,"excerpt":"Sociologo (L'Avana, 1995)","rel":"","context":"In &quot;Jurados&quot;","block_context":{"text":"Jurados","link":"https:\/\/artejoven.org\/it\/category\/jurados\/"},"img":{"alt_text":"","src":"https:\/\/i0.wp.com\/artejoven.org\/wp-content\/uploads\/2025\/05\/CIERIC.webp?resize=350%2C200&ssl=1","width":350,"height":200},"classes":[]},{"id":2291,"url":"https:\/\/artejoven.org\/it\/beneficiarios\/olivia-torres\/","url_meta":{"origin":7347,"position":5},"title":"Olivia Torres","author":"Ren\u00e9 Manuel Puig","date":"22 de Maggio de 2023","format":false,"excerpt":"Olivia Torres D\u00edaz (L'Avana, 1999) \u00e8 laureata in Arti della Conservazione dei Beni Culturali presso l'Universit\u00e0 delle Arti (ISA) dal 2022.","rel":"","context":"In &quot;Artes Visuales&quot;","block_context":{"text":"Artes Visuales","link":"https:\/\/artejoven.org\/it\/category\/beneficiarios\/artes-visuales-beneficiarios\/"},"img":{"alt_text":"Olivia Torres","src":"https:\/\/i0.wp.com\/artejoven.org\/wp-content\/uploads\/2023\/06\/Olivia-Torres-1-jpg.webp?resize=350%2C200&ssl=1","width":350,"height":200,"srcset":"https:\/\/i0.wp.com\/artejoven.org\/wp-content\/uploads\/2023\/06\/Olivia-Torres-1-jpg.webp?resize=350%2C200&ssl=1 1x, https:\/\/i0.wp.com\/artejoven.org\/wp-content\/uploads\/2023\/06\/Olivia-Torres-1-jpg.webp?resize=525%2C300&ssl=1 1.5x"},"classes":[]}],"jetpack_sharing_enabled":true,"_links":{"self":[{"href":"https:\/\/artejoven.org\/it\/wp-json\/wp\/v2\/pages\/7347","targetHints":{"allow":["GET"]}}],"collection":[{"href":"https:\/\/artejoven.org\/it\/wp-json\/wp\/v2\/pages"}],"about":[{"href":"https:\/\/artejoven.org\/it\/wp-json\/wp\/v2\/types\/page"}],"author":[{"embeddable":true,"href":"https:\/\/artejoven.org\/it\/wp-json\/wp\/v2\/users\/1"}],"replies":[{"embeddable":true,"href":"https:\/\/artejoven.org\/it\/wp-json\/wp\/v2\/comments?post=7347"}],"version-history":[{"count":0,"href":"https:\/\/artejoven.org\/it\/wp-json\/wp\/v2\/pages\/7347\/revisions"}],"up":[{"embeddable":true,"href":"https:\/\/artejoven.org\/it\/wp-json\/wp\/v2\/pages\/931"}],"wp:featuredmedia":[{"embeddable":true,"href":"https:\/\/artejoven.org\/it\/wp-json\/wp\/v2\/media\/7348"}],"wp:attachment":[{"href":"https:\/\/artejoven.org\/it\/wp-json\/wp\/v2\/media?parent=7347"}],"wp:term":[{"taxonomy":"category","embeddable":true,"href":"https:\/\/artejoven.org\/it\/wp-json\/wp\/v2\/categories?post=7347"},{"taxonomy":"post_tag","embeddable":true,"href":"https:\/\/artejoven.org\/it\/wp-json\/wp\/v2\/tags?post=7347"}],"curies":[{"name":"wp","href":"https:\/\/api.w.org\/{rel}","templated":true}]}}

Gabriela Díaz Miranda

<p>Gabriela Díaz Miranda (L'Avana, 2003) è una giovane violinista, che si è laureata con un diploma d'oro presso la Escuela Nacional de Arte nel 2017.</p>

Laura Díaz La O

René Manuel Puig

(L'Avana, 2007) Studente di violino presso il conservatorio di musica "Amadeo Roldán, L'Avana.

Germán Díaz

(Valladolid, 1978) è un musicista, compositore e suonatore di ghironda spagnolo, considerato uno dei più innovativi suonatori di ghironda in Europa.

Gabriel Raúl Cisneros Báez (Las Tunas, 1990) è uno dei più importanti artisti visivi emergenti di Cuba.

Olivia Torres Díaz (L'Avana, 1999) è laureata in Arti della Conservazione dei Beni Culturali presso l'Università delle Arti (ISA) dal 2022.
